{"id":25373,"date":"2024-02-22T12:33:10","date_gmt":"2024-02-22T12:33:10","guid":{"rendered":"https:\/\/toysplusshop.com\/?post_type=product&#038;p=25373"},"modified":"2026-01-28T10:28:16","modified_gmt":"2026-01-28T10:28:16","slug":"barbie-piriltili-barbie-bebekler-t7580","status":"publish","type":"product","link":"https:\/\/toysplusshop.com\/?product=barbie-piriltili-barbie-bebekler-t7580","title":{"rendered":"BARBIE PIRILTILI BARBIE BEBEKLER T7580"},"content":{"rendered":"<p>Barbie P\u0131r\u0131lt\u0131l\u0131 Barbie Bebekler T7580-HJR93 Barbie bebe\u011fin ad\u0131 her zaman en iyi giyinenler listesinde yer al\u0131r.<\/p>\n<p>Bu g\u00f6z kama\u015ft\u0131r\u0131c\u0131 giysiler Barbie&#8217;nin tarz\u0131n\u0131 yans\u0131t\u0131r. P\u0131r\u0131lt\u0131l\u0131 bluz ve etekleriyle bu elbiseler bir gala, davet veya etkinlik i\u00e7in m\u00fckemmel!<\/p>\n<p>Elbiselerin son moda kesimi ve canl\u0131 renkleri modern bir tarz yarat\u0131yor.<\/p>\n<p>Bu m\u00fckemmel g\u00f6r\u00fcn\u00fc\u015fler dikkat \u00e7eken kolyeler, kontrast renkli ku\u015fak ve uyumlu ayakkab\u0131lar ile tamamlan\u0131yor.<\/p>\n<p>Giysili ve aksesuarl\u0131 Barbie bebek dahildir. Her biri ayr\u0131 ayr\u0131 ve stoklara ba\u011fl\u0131 olarak sat\u0131l\u0131r.<\/p>\n<p>Bebekler tek ba\u015flar\u0131na ayakta duramazlar. Renkler ve s\u00fcslemeler farkl\u0131l\u0131k g\u00f6sterebilir.<\/p>\n<p>Barbie bebek bu g\u00f6z kama\u015ft\u0131r\u0131c\u0131 g\u00f6r\u00fcn\u00fc\u015fleriyle en iyi giyinenler listesinde yer al\u0131yor.<\/p>\n<p>P\u0131r\u0131lt\u0131l\u0131 bluz ve etekleriyle bu elbiseler bir gala, davet veya etkinlik i\u00e7in m\u00fckemmel! Elbiselerin son moda kesimi ve canl\u0131 renkleri modern bir tarz yarat\u0131yor.<\/p>\n<p>Barbie&#8217;nin bu harika tarzlar\u0131 dikkat \u00e7eken kolyeler, kontrast renkli ku\u015fak ve uyumlu ayakkab\u0131lar ile tamamlan\u0131yor<\/p>\n","protected":false},"excerpt":{"rendered":"<p>Barbie P\u0131r\u0131lt\u0131l\u0131 Barbie Bebekler T7580-HJR93 Barbie bebe\u011fin ad\u0131 her zaman en iyi giyinenler listesinde yer al\u0131r. Bu g\u00f6z kama\u015ft\u0131r\u0131c\u0131 giysiler Barbie&#8217;nin tarz\u0131n\u0131 yans\u0131t\u0131r. P\u0131r\u0131lt\u0131l\u0131 bluz ve etekleriyle bu elbiseler bir gala, davet veya etkinlik i\u00e7in m\u00fckemmel! Elbiselerin son moda kesimi ve canl\u0131 renkleri modern bir tarz yarat\u0131yor. Bu m\u00fckemmel g\u00f6r\u00fcn\u00fc\u015fler dikkat \u00e7eken kolyeler, kontrast renkli ku\u015fak ve uyumlu ayakkab\u0131lar ile tamamlan\u0131yor. Giysili ve aksesuarl\u0131 Barbie bebek dahildir. Her biri ayr\u0131 ayr\u0131 ve stoklara ba\u011fl\u0131 olarak sat\u0131l\u0131r. Bebekler tek ba\u015flar\u0131na ayakta duramazlar. Renkler ve s\u00fcslemeler farkl\u0131l\u0131k g\u00f6sterebilir. Barbie bebek bu g\u00f6z kama\u015ft\u0131r\u0131c\u0131 g\u00f6r\u00fcn\u00fc\u015fleriyle en iyi giyinenler listesinde yer al\u0131yor. P\u0131r\u0131lt\u0131l\u0131 bluz ve etekleriyle bu elbiseler bir gala, davet veya etkinlik i\u00e7in m\u00fckemmel! Elbiselerin son moda kesimi ve canl\u0131 renkleri modern bir tarz yarat\u0131yor. Barbie&#8217;nin bu harika tarzlar\u0131 dikkat \u00e7eken kolyeler, kontrast renkli ku\u015fak ve uyumlu ayakkab\u0131lar ile tamamlan\u0131yor<\/p>\n","protected":false},"featured_media":25374,"comment_status":"open","ping_status":"closed","template":"","meta":[],"product_brand":[],"product_cat":[651,550],"product_tag":[653],"class_list":{"0":"post-25373","1":"product","2":"type-product","3":"status-publish","4":"has-post-thumbnail","6":"product_cat-barbie","7":"product_cat-kiz-oyuncaklari","8":"product_tag-barbie","10":"first","11":"instock","12":"shipping-taxable","13":"purchasable","14":"product-type-simple"},"_links":{"self":[{"href":"https:\/\/toysplusshop.com\/index.php?rest_route=\/wp\/v2\/product\/25373","targetHints":{"allow":["GET"]}}],"collection":[{"href":"https:\/\/toysplusshop.com\/index.php?rest_route=\/wp\/v2\/product"}],"about":[{"href":"https:\/\/toysplusshop.com\/index.php?rest_route=\/wp\/v2\/types\/product"}],"replies":[{"embeddable":true,"href":"https:\/\/toysplusshop.com\/index.php?rest_route=%2Fwp%2Fv2%2Fcomments&post=25373"}],"version-history":[{"count":1,"href":"https:\/\/toysplusshop.com\/index.php?rest_route=\/wp\/v2\/product\/25373\/revisions"}],"predecessor-version":[{"id":25376,"href":"https:\/\/toysplusshop.com\/index.php?rest_route=\/wp\/v2\/product\/25373\/revisions\/25376"}],"wp:featuredmedia":[{"embeddable":true,"href":"https:\/\/toysplusshop.com\/index.php?rest_route=\/wp\/v2\/media\/25374"}],"wp:attachment":[{"href":"https:\/\/toysplusshop.com\/index.php?rest_route=%2Fwp%2Fv2%2Fmedia&parent=25373"}],"wp:term":[{"taxonomy":"product_brand","embeddable":true,"href":"https:\/\/toysplusshop.com\/index.php?rest_route=%2Fwp%2Fv2%2Fproduct_brand&post=25373"},{"taxonomy":"product_cat","embeddable":true,"href":"https:\/\/toysplusshop.com\/index.php?rest_route=%2Fwp%2Fv2%2Fproduct_cat&post=25373"},{"taxonomy":"product_tag","embeddable":true,"href":"https:\/\/toysplusshop.com\/index.php?rest_route=%2Fwp%2Fv2%2Fproduct_tag&post=25373"}],"curies":[{"name":"wp","href":"https:\/\/api.w.org\/{rel}","templated":true}]}}