{"id":25381,"date":"2024-02-22T12:40:01","date_gmt":"2024-02-22T12:40:01","guid":{"rendered":"https:\/\/toysplusshop.com\/?post_type=product&#038;p=25381"},"modified":"2026-01-28T10:28:42","modified_gmt":"2026-01-28T10:28:42","slug":"barbie-ve-guzel-ati-oyun-seti-fxh13","status":"publish","type":"product","link":"https:\/\/toysplusshop.com\/?product=barbie-ve-guzel-ati-oyun-seti-fxh13","title":{"rendered":"BARBIE VE G\u00dcZEL ATI OYUN SET\u0130 FXH13"},"content":{"rendered":"<p>Barbie\u00ae bebek, herkesi at s\u0131rt\u0131nda oyun dolu bir d\u00fcnyaya g\u00f6t\u00fcr\u00fcyor! Bu bebe\u011fin, eyer ve dizginle donat\u0131lm\u0131\u015f muhte\u015fem bir at\u0131 var. B\u00f6ylece iki dost, birlikte maceralara at\u0131labilir. Bebe\u011fi at\u0131na bindirip hikayeye do\u011fru bir ad\u0131m at. Barbie\u00ae, botlar\u0131 ve kask\u0131yla g\u00fcnl\u00fck binici giysileri i\u00e7indedir. Ata oturabilmesi i\u00e7in bebe\u011fin dizleri b\u00fck\u00fclebilir. K\u0131zlar bu iki dostla birlikte yolculu\u011fa \u00e7\u0131kararak d\u00fcnyay\u0131 ke\u015ffetmeye bay\u0131lacak. Bir k\u0131z \u00e7ocu\u011fu Barbie\u00ae ile oynarken hayaller kurar! Giysileri ve aksesuarlar\u0131yla (kask dahil) Barbie\u00ae bebek ve \u00e7\u0131kar\u0131labilir eyer ile dizgini bulunan at i\u00e7erir. Bebek tek ba\u015f\u0131na ayakta duramaz. Renkler ve s\u00fcslemeler \u00e7e\u015fitlilik g\u00f6sterebilir.<\/p>\n<p>Barbie\u00ae bebek, at\u0131na binerek yeni maceralara at\u0131lmaya haz\u0131r!<\/p>\n<p>A\u00e7\u0131k kahverengi renkli bu sevimli at\u0131n, yumu\u015fak beyaz yelesi ve kuyru\u011fu vard\u0131r. Ayr\u0131ca pembe eyeri ve kahverengi dizginleri bulunur. Macera dolu bir s\u00fcr\u00fc\u015f i\u00e7in Barbie\u00ae bebe\u011fi at\u0131na bindirin. Ayaklar\u0131n\u0131n \u00fczengilerde durabilmesi i\u00e7in bebe\u011fin dizleri b\u00fck\u00fclebilir.<\/p>\n<p>Pembe pantolonu, beyaz puantiyeli ve b\u00fczg\u00fcl\u00fc kot rengi \u00fcst\u00fc, uzun kahverengi binici botlar\u0131 ve pembe kask\u0131yla g\u00fcnl\u00fck binici giysileri giyer.<\/p>\n","protected":false},"excerpt":{"rendered":"<p>Barbie\u00ae bebek, herkesi at s\u0131rt\u0131nda oyun dolu bir d\u00fcnyaya g\u00f6t\u00fcr\u00fcyor! Bu bebe\u011fin, eyer ve dizginle donat\u0131lm\u0131\u015f muhte\u015fem bir at\u0131 var. B\u00f6ylece iki dost, birlikte maceralara at\u0131labilir. Bebe\u011fi at\u0131na bindirip hikayeye do\u011fru bir ad\u0131m at. Barbie\u00ae, botlar\u0131 ve kask\u0131yla g\u00fcnl\u00fck binici giysileri i\u00e7indedir. Ata oturabilmesi i\u00e7in bebe\u011fin dizleri b\u00fck\u00fclebilir. K\u0131zlar bu iki dostla birlikte yolculu\u011fa \u00e7\u0131kararak d\u00fcnyay\u0131 ke\u015ffetmeye bay\u0131lacak. Bir k\u0131z \u00e7ocu\u011fu Barbie\u00ae ile oynarken hayaller kurar! Giysileri ve aksesuarlar\u0131yla (kask dahil) Barbie\u00ae bebek ve \u00e7\u0131kar\u0131labilir eyer ile dizgini bulunan at i\u00e7erir. Bebek tek ba\u015f\u0131na ayakta duramaz. Renkler ve s\u00fcslemeler \u00e7e\u015fitlilik g\u00f6sterebilir. Barbie\u00ae bebek, at\u0131na binerek yeni maceralara at\u0131lmaya haz\u0131r! A\u00e7\u0131k kahverengi renkli bu sevimli at\u0131n, yumu\u015fak beyaz yelesi ve kuyru\u011fu vard\u0131r. Ayr\u0131ca pembe eyeri ve kahverengi dizginleri bulunur. Macera dolu bir s\u00fcr\u00fc\u015f i\u00e7in Barbie\u00ae bebe\u011fi at\u0131na bindirin. Ayaklar\u0131n\u0131n \u00fczengilerde durabilmesi i\u00e7in bebe\u011fin dizleri b\u00fck\u00fclebilir. Pembe pantolonu, beyaz puantiyeli ve b\u00fczg\u00fcl\u00fc kot rengi \u00fcst\u00fc, uzun kahverengi binici botlar\u0131 ve pembe kask\u0131yla g\u00fcnl\u00fck binici giysileri giyer.<\/p>\n","protected":false},"featured_media":25382,"comment_status":"open","ping_status":"closed","template":"","meta":[],"product_brand":[],"product_cat":[651,550],"product_tag":[653,700],"class_list":{"0":"post-25381","1":"product","2":"type-product","3":"status-publish","4":"has-post-thumbnail","6":"product_cat-barbie","7":"product_cat-kiz-oyuncaklari","8":"product_tag-barbie","9":"product_tag-barbie-fxh13","11":"first","12":"instock","13":"shipping-taxable","14":"purchasable","15":"product-type-simple"},"_links":{"self":[{"href":"https:\/\/toysplusshop.com\/index.php?rest_route=\/wp\/v2\/product\/25381","targetHints":{"allow":["GET"]}}],"collection":[{"href":"https:\/\/toysplusshop.com\/index.php?rest_route=\/wp\/v2\/product"}],"about":[{"href":"https:\/\/toysplusshop.com\/index.php?rest_route=\/wp\/v2\/types\/product"}],"replies":[{"embeddable":true,"href":"https:\/\/toysplusshop.com\/index.php?rest_route=%2Fwp%2Fv2%2Fcomments&post=25381"}],"version-history":[{"count":1,"href":"https:\/\/toysplusshop.com\/index.php?rest_route=\/wp\/v2\/product\/25381\/revisions"}],"predecessor-version":[{"id":25385,"href":"https:\/\/toysplusshop.com\/index.php?rest_route=\/wp\/v2\/product\/25381\/revisions\/25385"}],"wp:featuredmedia":[{"embeddable":true,"href":"https:\/\/toysplusshop.com\/index.php?rest_route=\/wp\/v2\/media\/25382"}],"wp:attachment":[{"href":"https:\/\/toysplusshop.com\/index.php?rest_route=%2Fwp%2Fv2%2Fmedia&parent=25381"}],"wp:term":[{"taxonomy":"product_brand","embeddable":true,"href":"https:\/\/toysplusshop.com\/index.php?rest_route=%2Fwp%2Fv2%2Fproduct_brand&post=25381"},{"taxonomy":"product_cat","embeddable":true,"href":"https:\/\/toysplusshop.com\/index.php?rest_route=%2Fwp%2Fv2%2Fproduct_cat&post=25381"},{"taxonomy":"product_tag","embeddable":true,"href":"https:\/\/toysplusshop.com\/index.php?rest_route=%2Fwp%2Fv2%2Fproduct_tag&post=25381"}],"curies":[{"name":"wp","href":"https:\/\/api.w.org\/{rel}","templated":true}]}}