{"id":25405,"date":"2024-02-22T12:54:57","date_gmt":"2024-02-22T12:54:57","guid":{"rendered":"https:\/\/toysplusshop.com\/?post_type=product&#038;p=25405"},"modified":"2026-02-11T14:48:44","modified_gmt":"2026-02-11T14:48:44","slug":"barbie-ve-yeni-dogan-kopekler-oyun-seti-hck75","status":"publish","type":"product","link":"https:\/\/toysplusshop.com\/?product=barbie-ve-yeni-dogan-kopekler-oyun-seti-hck75","title":{"rendered":"BARBIE VE YEN\u0130 DO\u011eAN K\u00d6PEKLER OYUN SET\u0130 HCK75"},"content":{"rendered":"<p>S\u00fcrpriz! Barbie&#8217;nin sevimli k\u00f6pe\u011finin yavrular\u0131 olacak! \u00c7ocuklar, Barbie e\u015fli\u011finde anne k\u00f6pe\u011fin s\u0131rt\u0131na bast\u0131rarak \u00fc\u00e7 sevimli yavru k\u00f6pe\u011fin do\u011fmas\u0131na yard\u0131mc\u0131 olabilir. Yavru k\u00f6pekler do\u011fduktan sonra \u00e7ocuklar, k\u00fcveti so\u011fuk suyla doldurabilir, k\u00fcvete bat\u0131rd\u0131klar\u0131 \u0131slak havluyla yavru k\u00f6pekleri silip her birinin ta\u015f\u0131d\u0131\u011f\u0131 \u00f6zel do\u011fum lekesini a\u00e7\u0131\u011fa \u00e7\u0131karabilir. Barbie, b\u00fck\u00fclebilen dizleri sayesinde yeni minik dostlar\u0131n\u0131n d\u00fcnyaya gelmesine yard\u0131mc\u0131 olur. \u00dc\u00e7 yavru k\u00f6pe\u011fin s\u0131\u011fabilece\u011fi sevimli ta\u015f\u0131ma \u00e7antas\u0131 sayesinde ise yavrularla ilgilenmeyi diledi\u011fi her yerde s\u00fcrd\u00fcrebilir. Hik\u00e2ye anlat\u0131m\u0131na uygun di\u011fer aksesuarlar aras\u0131nda bir \u015fi\u015fe, iki f\u0131r\u00e7a, k\u00f6pek oyun ipi, iki \u00f6d\u00fcl yiyece\u011fi, bir kutu k\u00f6pek mamas\u0131 ve mama kab\u0131 yer al\u0131r. \u00c7ok say\u0131da k\u00f6pek besleme aksesuar\u0131 ve hik\u00e2ye anlatma se\u00e7ene\u011fiyle bu oyun seti, \u00f6zellikle hayvanlar\u0131 seven 3-7 ya\u015f aras\u0131 \u00e7ocuklar i\u00e7in harika bir hediyedir. Bebek tek ba\u015f\u0131na ayakta duramaz. Renkler ve s\u00fcslemeler \u00e7e\u015fitlilik g\u00f6sterebilir.<\/p>\n<p>Barbie&#8217;nin sevimli k\u00f6pe\u011fi bebek bekliyor. Bu oyun setiyle \u00e7ocuklar, do\u011fuma yard\u0131mc\u0131 olup yavrular\u0131n d\u00fcnyaya geli\u015flerini kutlayabilir.<\/p>\n<p>Anne k\u00f6pe\u011fin s\u0131rt\u0131na bast\u0131rarak Barbie ile birlikte yavru k\u00f6peklerin do\u011fmas\u0131na yard\u0131mc\u0131 olun. Di\u011fer iki yavrunun daha d\u00fcnyaya gelmesi i\u00e7in k\u00f6pe\u011fin s\u0131rt\u0131na tekrar bast\u0131r\u0131n.<\/p>\n<p>K\u00fcveti so\u011fuk suyla doldurun, k\u00fcvete bat\u0131rd\u0131\u011f\u0131n\u0131z \u0131slak havluyla yavru k\u00f6pekleri iyice silin ve her birinin ta\u015f\u0131d\u0131\u011f\u0131 \u00f6zel do\u011fum lekesini a\u00e7\u0131\u011fa \u00e7\u0131kar\u0131n.<\/p>\n<p>\u00dc\u00e7 yavru k\u00f6pe\u011fin s\u0131\u011fabilece\u011fi ta\u015f\u0131ma \u00e7antas\u0131 sayesinde Barbie, gitti\u011fi her yerde yavrularla ilgilenmeyi s\u00fcrd\u00fcrebilir.<\/p>\n<p>Bir \u015fi\u015fe, iki f\u0131r\u00e7a, k\u00f6pek oyun ipi, iki \u00f6d\u00fcl yiyece\u011fi, bir kutu k\u00f6pek mamas\u0131 ve mama kab\u0131 gibi di\u011fer aksesuarlarla oyun se\u00e7eneklerinizi art\u0131r\u0131n.<\/p>\n<p>K\u00f6pek besleme aksesuarlar\u0131 ve hik\u00e2ye anlatma se\u00e7enekleriyle bu oyun seti.<\/p>\n","protected":false},"excerpt":{"rendered":"<p>S\u00fcrpriz! Barbie&#8217;nin sevimli k\u00f6pe\u011finin yavrular\u0131 olacak! \u00c7ocuklar, Barbie e\u015fli\u011finde anne k\u00f6pe\u011fin s\u0131rt\u0131na bast\u0131rarak \u00fc\u00e7 sevimli yavru k\u00f6pe\u011fin do\u011fmas\u0131na yard\u0131mc\u0131 olabilir. Yavru k\u00f6pekler do\u011fduktan sonra \u00e7ocuklar, k\u00fcveti so\u011fuk suyla doldurabilir, k\u00fcvete bat\u0131rd\u0131klar\u0131 \u0131slak havluyla yavru k\u00f6pekleri silip her birinin ta\u015f\u0131d\u0131\u011f\u0131 \u00f6zel do\u011fum lekesini a\u00e7\u0131\u011fa \u00e7\u0131karabilir. Barbie, b\u00fck\u00fclebilen dizleri sayesinde yeni minik dostlar\u0131n\u0131n d\u00fcnyaya gelmesine yard\u0131mc\u0131 olur. \u00dc\u00e7 yavru k\u00f6pe\u011fin s\u0131\u011fabilece\u011fi sevimli ta\u015f\u0131ma \u00e7antas\u0131 sayesinde ise yavrularla ilgilenmeyi diledi\u011fi her yerde s\u00fcrd\u00fcrebilir. Hik\u00e2ye anlat\u0131m\u0131na uygun di\u011fer aksesuarlar aras\u0131nda bir \u015fi\u015fe, iki f\u0131r\u00e7a, k\u00f6pek oyun ipi, iki \u00f6d\u00fcl yiyece\u011fi, bir kutu k\u00f6pek mamas\u0131 ve mama kab\u0131 yer al\u0131r. \u00c7ok say\u0131da k\u00f6pek besleme aksesuar\u0131 ve hik\u00e2ye anlatma se\u00e7ene\u011fiyle bu oyun seti, \u00f6zellikle hayvanlar\u0131 seven 3-7 ya\u015f aras\u0131 \u00e7ocuklar i\u00e7in harika bir hediyedir. Bebek tek ba\u015f\u0131na ayakta duramaz. Renkler ve s\u00fcslemeler \u00e7e\u015fitlilik g\u00f6sterebilir. Barbie&#8217;nin sevimli k\u00f6pe\u011fi bebek bekliyor. Bu oyun setiyle \u00e7ocuklar, do\u011fuma yard\u0131mc\u0131 olup yavrular\u0131n d\u00fcnyaya geli\u015flerini kutlayabilir. Anne k\u00f6pe\u011fin s\u0131rt\u0131na bast\u0131rarak Barbie ile birlikte yavru k\u00f6peklerin do\u011fmas\u0131na yard\u0131mc\u0131 olun. Di\u011fer iki yavrunun daha d\u00fcnyaya gelmesi i\u00e7in k\u00f6pe\u011fin s\u0131rt\u0131na tekrar bast\u0131r\u0131n. K\u00fcveti so\u011fuk suyla doldurun, k\u00fcvete bat\u0131rd\u0131\u011f\u0131n\u0131z \u0131slak havluyla yavru k\u00f6pekleri iyice silin ve her birinin ta\u015f\u0131d\u0131\u011f\u0131 \u00f6zel do\u011fum lekesini a\u00e7\u0131\u011fa \u00e7\u0131kar\u0131n. \u00dc\u00e7 yavru k\u00f6pe\u011fin s\u0131\u011fabilece\u011fi ta\u015f\u0131ma \u00e7antas\u0131 sayesinde Barbie, gitti\u011fi her yerde yavrularla ilgilenmeyi s\u00fcrd\u00fcrebilir. Bir \u015fi\u015fe, iki f\u0131r\u00e7a, k\u00f6pek oyun ipi, iki \u00f6d\u00fcl yiyece\u011fi, bir kutu k\u00f6pek mamas\u0131 ve mama kab\u0131 gibi di\u011fer aksesuarlarla oyun se\u00e7eneklerinizi art\u0131r\u0131n. K\u00f6pek besleme aksesuarlar\u0131 ve hik\u00e2ye anlatma se\u00e7enekleriyle bu oyun seti.<\/p>\n","protected":false},"featured_media":25406,"comment_status":"open","ping_status":"closed","template":"","meta":[],"product_brand":[],"product_cat":[651,550],"product_tag":[653,696],"class_list":{"0":"post-25405","1":"product","2":"type-product","3":"status-publish","4":"has-post-thumbnail","6":"product_cat-barbie","7":"product_cat-kiz-oyuncaklari","8":"product_tag-barbie","9":"product_tag-barbie-hck75","11":"first","12":"outofstock","13":"shipping-taxable","14":"purchasable","15":"product-type-simple"},"_links":{"self":[{"href":"https:\/\/toysplusshop.com\/index.php?rest_route=\/wp\/v2\/product\/25405","targetHints":{"allow":["GET"]}}],"collection":[{"href":"https:\/\/toysplusshop.com\/index.php?rest_route=\/wp\/v2\/product"}],"about":[{"href":"https:\/\/toysplusshop.com\/index.php?rest_route=\/wp\/v2\/types\/product"}],"replies":[{"embeddable":true,"href":"https:\/\/toysplusshop.com\/index.php?rest_route=%2Fwp%2Fv2%2Fcomments&post=25405"}],"version-history":[{"count":1,"href":"https:\/\/toysplusshop.com\/index.php?rest_route=\/wp\/v2\/product\/25405\/revisions"}],"predecessor-version":[{"id":25413,"href":"https:\/\/toysplusshop.com\/index.php?rest_route=\/wp\/v2\/product\/25405\/revisions\/25413"}],"wp:featuredmedia":[{"embeddable":true,"href":"https:\/\/toysplusshop.com\/index.php?rest_route=\/wp\/v2\/media\/25406"}],"wp:attachment":[{"href":"https:\/\/toysplusshop.com\/index.php?rest_route=%2Fwp%2Fv2%2Fmedia&parent=25405"}],"wp:term":[{"taxonomy":"product_brand","embeddable":true,"href":"https:\/\/toysplusshop.com\/index.php?rest_route=%2Fwp%2Fv2%2Fproduct_brand&post=25405"},{"taxonomy":"product_cat","embeddable":true,"href":"https:\/\/toysplusshop.com\/index.php?rest_route=%2Fwp%2Fv2%2Fproduct_cat&post=25405"},{"taxonomy":"product_tag","embeddable":true,"href":"https:\/\/toysplusshop.com\/index.php?rest_route=%2Fwp%2Fv2%2Fproduct_tag&post=25405"}],"curies":[{"name":"wp","href":"https:\/\/api.w.org\/{rel}","templated":true}]}}