{"id":28500,"date":"2024-03-20T14:48:57","date_gmt":"2024-03-20T14:48:57","guid":{"rendered":"https:\/\/toysplusshop.com\/?post_type=product&#038;p=28500"},"modified":"2025-05-19T12:31:28","modified_gmt":"2025-05-19T12:31:28","slug":"clementoni-bilim-ve-oyun-cilgin-toplar","status":"publish","type":"product","link":"https:\/\/toysplusshop.com\/?product=clementoni-bilim-ve-oyun-cilgin-toplar","title":{"rendered":"CLEMENTONI B\u0130L\u0130M VE OYUN &#8211; \u00c7ILGIN TOPLAR"},"content":{"rendered":"<p class=\"descrizione_1\">Futbol, basketbol ve tenis toplar\u0131 bi\u00e7iminde z\u0131playan harika toplar\u0131 ve daha bir\u00e7ok \u015feyi kendi elleriyle yaratabilecek sporseverler i\u00e7in bir mini bilim laboratuvar\u0131!<\/p>\n<p class=\"descrizione_2\">Set, renkli tozlar ve \u00e7ocu\u011fun saatler s\u00fcrecek \u00e7\u0131lg\u0131n bir e\u011flence i\u00e7in ger\u00e7ekten z\u0131playabilen toplar yaratmak i\u00e7in ihtiya\u00e7 duyaca\u011f\u0131 her \u015feyi i\u00e7ermektedir.<\/p>\n<p class=\"descrizione_3\">Deneylerin t\u00fcm a\u015famalar\u0131n\u0131 a\u00e7\u0131klayan el kitab\u0131 \u00e7ocuklara, kendilerine yak\u0131n bulacaklar\u0131 basit bir dille yol g\u00f6stermektedir.<\/p>\n<p class=\"descrizione_4\">Toplar g\u00fcvenli ve tamamen zarars\u0131zd\u0131r, b\u00f6ylece \u00e7ocuklar tam bir g\u00fcvenlik i\u00e7inde e\u011flenebilirler.<\/p>\n","protected":false},"excerpt":{"rendered":"<p>Futbol, basketbol ve tenis toplar\u0131 bi\u00e7iminde z\u0131playan harika toplar\u0131 ve daha bir\u00e7ok \u015feyi kendi elleriyle yaratabilecek sporseverler i\u00e7in bir mini bilim laboratuvar\u0131! Set, renkli tozlar ve \u00e7ocu\u011fun saatler s\u00fcrecek \u00e7\u0131lg\u0131n bir e\u011flence i\u00e7in ger\u00e7ekten z\u0131playabilen toplar yaratmak i\u00e7in ihtiya\u00e7 duyaca\u011f\u0131 her \u015feyi i\u00e7ermektedir. Deneylerin t\u00fcm a\u015famalar\u0131n\u0131 a\u00e7\u0131klayan el kitab\u0131 \u00e7ocuklara, kendilerine yak\u0131n bulacaklar\u0131 basit bir dille yol g\u00f6stermektedir. Toplar g\u00fcvenli ve tamamen zarars\u0131zd\u0131r, b\u00f6ylece \u00e7ocuklar tam bir g\u00fcvenlik i\u00e7inde e\u011flenebilirler.<\/p>\n","protected":false},"featured_media":28501,"comment_status":"open","ping_status":"closed","template":"","meta":[],"product_brand":[],"product_cat":[551,550],"product_tag":[1111,1108],"class_list":{"0":"post-28500","1":"product","2":"type-product","3":"status-publish","4":"has-post-thumbnail","6":"product_cat-erkek-oyuncaklari","7":"product_cat-kiz-oyuncaklari","8":"product_tag-cilgin-toplar","9":"product_tag-clementoni","11":"first","12":"instock","13":"shipping-taxable","14":"purchasable","15":"product-type-simple"},"_links":{"self":[{"href":"https:\/\/toysplusshop.com\/index.php?rest_route=\/wp\/v2\/product\/28500","targetHints":{"allow":["GET"]}}],"collection":[{"href":"https:\/\/toysplusshop.com\/index.php?rest_route=\/wp\/v2\/product"}],"about":[{"href":"https:\/\/toysplusshop.com\/index.php?rest_route=\/wp\/v2\/types\/product"}],"replies":[{"embeddable":true,"href":"https:\/\/toysplusshop.com\/index.php?rest_route=%2Fwp%2Fv2%2Fcomments&post=28500"}],"version-history":[{"count":1,"href":"https:\/\/toysplusshop.com\/index.php?rest_route=\/wp\/v2\/product\/28500\/revisions"}],"predecessor-version":[{"id":28505,"href":"https:\/\/toysplusshop.com\/index.php?rest_route=\/wp\/v2\/product\/28500\/revisions\/28505"}],"wp:featuredmedia":[{"embeddable":true,"href":"https:\/\/toysplusshop.com\/index.php?rest_route=\/wp\/v2\/media\/28501"}],"wp:attachment":[{"href":"https:\/\/toysplusshop.com\/index.php?rest_route=%2Fwp%2Fv2%2Fmedia&parent=28500"}],"wp:term":[{"taxonomy":"product_brand","embeddable":true,"href":"https:\/\/toysplusshop.com\/index.php?rest_route=%2Fwp%2Fv2%2Fproduct_brand&post=28500"},{"taxonomy":"product_cat","embeddable":true,"href":"https:\/\/toysplusshop.com\/index.php?rest_route=%2Fwp%2Fv2%2Fproduct_cat&post=28500"},{"taxonomy":"product_tag","embeddable":true,"href":"https:\/\/toysplusshop.com\/index.php?rest_route=%2Fwp%2Fv2%2Fproduct_tag&post=28500"}],"curies":[{"name":"wp","href":"https:\/\/api.w.org\/{rel}","templated":true}]}}