{"id":28759,"date":"2024-03-21T10:50:30","date_gmt":"2024-03-21T10:50:30","guid":{"rendered":"https:\/\/toysplusshop.com\/?post_type=product&#038;p=28759"},"modified":"2026-01-05T14:41:24","modified_gmt":"2026-01-05T14:41:24","slug":"clementoni-bilim-ve-oyun-teleskop","status":"publish","type":"product","link":"https:\/\/toysplusshop.com\/?product=clementoni-bilim-ve-oyun-teleskop","title":{"rendered":"CLEMENTON\u0130 B\u0130L\u0130M VE OYUN &#8211; TELESKOP"},"content":{"rendered":"<p>Bu haval\u0131 teleskop ile \u00e7ocuklar\u0131n bilim heyecan\u0131 uzaya \u00e7\u0131k\u0131yor!<\/p>\n<p>Ay&#8217;\u0131, y\u0131ld\u0131zlar\u0131 g\u00f6zlemlerken ve g\u00f6ky\u00fcz\u00fcn\u00fc tararken ufkun \u00f6tesini ke\u015ffetmek i\u00e7in \u00e7ocuklara y\u00f6nelik ger\u00e7ek bir NASA teleskopu olan bu profesyonel teleskop, 50 ve 100X b\u00fcy\u00fctmenin keyfini \u00e7\u0131karabilece\u011finiz 50 mm lens ve de\u011fi\u015ftirilebilir 6 ve 12 mm g\u00f6z mercekleriyle donat\u0131lm\u0131\u015ft\u0131r!<\/p>\n<p>Bu astronomi harikas\u0131 ayn\u0131 zamanda 3X b\u00fcy\u00fctme fakt\u00f6rl\u00fc Barlow merce\u011fini ve teleskobu y\u00f6nlendirmek ve \u00e7ocu\u011fun nesneleri daha h\u0131zl\u0131 bulmas\u0131na yard\u0131mc\u0131 olmak i\u00e7in bulucuyu da i\u00e7erir.<\/p>\n<p>\u00c7ocuklar\u0131 astronomiyle kolay ve e\u011flenceli bir \u015fekilde tan\u0131\u015ft\u0131rmak i\u00e7in m\u00fckemmel bir se\u00e7enek olan Teleskop, g\u00f6zlemi daha istikrarl\u0131 hale getirmek i\u00e7in ayarlanabilir bir tripoda sahiptir ve 130 cm&#8217;ye kadar uzat\u0131labilir bir y\u00fcksekli\u011fe sahip bir tripod ile donat\u0131lm\u0131\u015ft\u0131r!<\/p>\n<p>Astronomi ile yeni tan\u0131\u015fan \u00e7ocuklara y\u00f6nelik, montaj\u0131 basit ve kolayca ta\u015f\u0131nabilen, her duruma uygun bir teleskop! Resimli bilimsel k\u0131lavuz, montaj s\u00fcrecinde \u00e7ocu\u011fa e\u015flik eder ve ona astronominin ilkelerini ke\u015ffetmesinde rehberlik eder. Olas\u0131 \u00e7\u00f6z\u00fcmler ve oyun senaryolar\u0131 olu\u015fturup icat ederken \u00e7ocuklar\u0131n e\u011flenmesi i\u00e7in harika bir oyun deneyimi sunar. Farkl\u0131 bile\u015fenlerin bir araya getirilmesiyle \u00e7ocuklar, kendi kurgular\u0131ndan hangi senaryolar\u0131n hayata ge\u00e7ebilece\u011fini somut olarak do\u011frular ve fikirleri kendi elleriyle \u015fekillendirir.<\/p>\n","protected":false},"excerpt":{"rendered":"<p>Bu haval\u0131 teleskop ile \u00e7ocuklar\u0131n bilim heyecan\u0131 uzaya \u00e7\u0131k\u0131yor! Ay&#8217;\u0131, y\u0131ld\u0131zlar\u0131 g\u00f6zlemlerken ve g\u00f6ky\u00fcz\u00fcn\u00fc tararken ufkun \u00f6tesini ke\u015ffetmek i\u00e7in \u00e7ocuklara y\u00f6nelik ger\u00e7ek bir NASA teleskopu olan bu profesyonel teleskop, 50 ve 100X b\u00fcy\u00fctmenin keyfini \u00e7\u0131karabilece\u011finiz 50 mm lens ve de\u011fi\u015ftirilebilir 6 ve 12 mm g\u00f6z mercekleriyle donat\u0131lm\u0131\u015ft\u0131r! Bu astronomi harikas\u0131 ayn\u0131 zamanda 3X b\u00fcy\u00fctme fakt\u00f6rl\u00fc Barlow merce\u011fini ve teleskobu y\u00f6nlendirmek ve \u00e7ocu\u011fun nesneleri daha h\u0131zl\u0131 bulmas\u0131na yard\u0131mc\u0131 olmak i\u00e7in bulucuyu da i\u00e7erir. \u00c7ocuklar\u0131 astronomiyle kolay ve e\u011flenceli bir \u015fekilde tan\u0131\u015ft\u0131rmak i\u00e7in m\u00fckemmel bir se\u00e7enek olan Teleskop, g\u00f6zlemi daha istikrarl\u0131 hale getirmek i\u00e7in ayarlanabilir bir tripoda sahiptir ve 130 cm&#8217;ye kadar uzat\u0131labilir bir y\u00fcksekli\u011fe sahip bir tripod ile donat\u0131lm\u0131\u015ft\u0131r! Astronomi ile yeni tan\u0131\u015fan \u00e7ocuklara y\u00f6nelik, montaj\u0131 basit ve kolayca ta\u015f\u0131nabilen, her duruma uygun bir teleskop! Resimli bilimsel k\u0131lavuz, montaj s\u00fcrecinde \u00e7ocu\u011fa e\u015flik eder ve ona astronominin ilkelerini ke\u015ffetmesinde rehberlik eder. Olas\u0131 \u00e7\u00f6z\u00fcmler ve oyun senaryolar\u0131 olu\u015fturup icat ederken \u00e7ocuklar\u0131n e\u011flenmesi i\u00e7in harika bir oyun deneyimi sunar. Farkl\u0131 bile\u015fenlerin bir araya getirilmesiyle \u00e7ocuklar, kendi kurgular\u0131ndan hangi senaryolar\u0131n hayata ge\u00e7ebilece\u011fini somut olarak do\u011frular ve fikirleri kendi elleriyle \u015fekillendirir.<\/p>\n","protected":false},"featured_media":28762,"comment_status":"open","ping_status":"closed","template":"","meta":[],"product_brand":[],"product_cat":[551,550],"product_tag":[1108,1149],"class_list":{"0":"post-28759","1":"product","2":"type-product","3":"status-publish","4":"has-post-thumbnail","6":"product_cat-erkek-oyuncaklari","7":"product_cat-kiz-oyuncaklari","8":"product_tag-clementoni","9":"product_tag-teleskop","11":"first","12":"outofstock","13":"shipping-taxable","14":"purchasable","15":"product-type-simple"},"_links":{"self":[{"href":"https:\/\/toysplusshop.com\/index.php?rest_route=\/wp\/v2\/product\/28759","targetHints":{"allow":["GET"]}}],"collection":[{"href":"https:\/\/toysplusshop.com\/index.php?rest_route=\/wp\/v2\/product"}],"about":[{"href":"https:\/\/toysplusshop.com\/index.php?rest_route=\/wp\/v2\/types\/product"}],"replies":[{"embeddable":true,"href":"https:\/\/toysplusshop.com\/index.php?rest_route=%2Fwp%2Fv2%2Fcomments&post=28759"}],"version-history":[{"count":1,"href":"https:\/\/toysplusshop.com\/index.php?rest_route=\/wp\/v2\/product\/28759\/revisions"}],"predecessor-version":[{"id":28766,"href":"https:\/\/toysplusshop.com\/index.php?rest_route=\/wp\/v2\/product\/28759\/revisions\/28766"}],"wp:featuredmedia":[{"embeddable":true,"href":"https:\/\/toysplusshop.com\/index.php?rest_route=\/wp\/v2\/media\/28762"}],"wp:attachment":[{"href":"https:\/\/toysplusshop.com\/index.php?rest_route=%2Fwp%2Fv2%2Fmedia&parent=28759"}],"wp:term":[{"taxonomy":"product_brand","embeddable":true,"href":"https:\/\/toysplusshop.com\/index.php?rest_route=%2Fwp%2Fv2%2Fproduct_brand&post=28759"},{"taxonomy":"product_cat","embeddable":true,"href":"https:\/\/toysplusshop.com\/index.php?rest_route=%2Fwp%2Fv2%2Fproduct_cat&post=28759"},{"taxonomy":"product_tag","embeddable":true,"href":"https:\/\/toysplusshop.com\/index.php?rest_route=%2Fwp%2Fv2%2Fproduct_tag&post=28759"}],"curies":[{"name":"wp","href":"https:\/\/api.w.org\/{rel}","templated":true}]}}