{"id":30575,"date":"2024-04-06T12:38:57","date_gmt":"2024-04-06T12:38:57","guid":{"rendered":"https:\/\/toysplusshop.com\/?post_type=product&#038;p=30575"},"modified":"2025-10-08T07:09:21","modified_gmt":"2025-10-08T07:09:21","slug":"lego-76429-harry-potter-konusan-secmen-sapka","status":"publish","type":"product","link":"https:\/\/toysplusshop.com\/?product=lego-76429-harry-potter-konusan-secmen-sapka","title":{"rendered":"LEGO 76429 HARRY POTTER KONU\u015eAN SE\u00c7MEN \u015eAPKA"},"content":{"rendered":"<p>Sergileme modeline hayat veren bir sesli yap\u0131m par\u00e7as\u0131na sahip ilk LEGO\u00ae Harry Potter\u2122 seti olan Hogwarts\u2122 Konu\u015fan Se\u00e7men \u015eapka (76429) ile kendinizi b\u00fcy\u00fcleyici bir modeli yapmaya kapt\u0131r\u0131n. Se\u00e7men \u015eapka\u2019n\u0131n sesini \u00e7al\u0131\u015ft\u0131rmak i\u00e7in \u015fapkan\u0131n tepesini e\u011fin ya da ba\u015f\u0131n\u0131za tak\u0131n ve sizin i\u00e7in hangi Hogwarts binas\u0131n\u0131 se\u00e7ti\u011fini \u00f6\u011frenin. Arada s\u0131rada Se\u00e7men \u015eapka \u015eark\u0131s\u0131n\u0131 da dinleyin. \u015eapkay\u0131 Gryffindor\u2122, Slytherin\u2122, Hufflepuff\u2122 ve Ravenclaw\u2122 arma bask\u0131lar\u0131n\u0131n oldu\u011fu standa yerle\u015ftirin. Bu benzersiz LEGO setinde bulunan Se\u00e7men \u015eapka takm\u0131\u015f Harry Potter karakteri minifig\u00fcr\u00fc, bu \u00f6zel sergileme modelini tamamlar. Film temal\u0131 bu in\u015fa edilebilen set, kendiniz i\u00e7in b\u00fcy\u00fcl\u00fc bir \u00f6d\u00fcl, B\u00fcy\u00fcc\u00fcl\u00fck D\u00fcnyas\u0131\u2019n\u0131 seven anne babalar i\u00e7in bir hediye veya Harry Potter filmlerini seven ba\u015fka yeti\u015fkinler i\u00e7in en iyi hediye olabilir.;<\/p>\n<p>Yeti\u015fkinler i\u00e7in macera filmi temal\u0131 hediye \u2013 Ger\u00e7ekten konu\u015fan bu in\u015fa edilebilen LEGO\u00ae Harry Potter\u2122 Hogwarts\u2122 Konu\u015fan Se\u00e7men \u015eapka sergileme modeliyle sihirli B\u00fcy\u00fcc\u00fcl\u00fck D\u00fcnyas\u0131\u2019na ka\u00e7\u0131n;<\/p>\n<p>Rastgele sesli yap\u0131 par\u00e7as\u0131 (piller dahildir) \u2013 31 rastgele sesten birini etkinle\u015ftirmek i\u00e7in \u015fapkan\u0131n ucunu e\u011fin ya da ba\u015f\u0131n\u0131za tak\u0131n ve \u015fapkan\u0131n sizin i\u00e7in hangi Hogwarts\u2122 binas\u0131n\u0131 se\u00e7ti\u011fini \u00f6\u011frenin;<\/p>\n<p>Harry Potter\u2122 karakter minifig\u00fcrl\u00fc sergileme stand\u0131 \u2013 Sergileme stand\u0131nda Gryffindor\u2122, Slytherin\u2122, Hufflefpuff\u2122 ve Ravenclaw\u2122 armas\u0131 bask\u0131lar\u0131 ve Se\u00e7men \u015eapka takm\u0131\u015f Harry minifig\u00fcr\u00fc bulunur;<\/p>\n<p>Yeti\u015fkin hayranlar i\u00e7in Harry Potter\u2122 hediyesi \u2013 Kendinizi \u00f6d\u00fcllendirin veya bu 561 par\u00e7al\u0131 LEGO\u00ae setini Harry Potter filmlerini seven birine ya da B\u00fcy\u00fcc\u00fcl\u00fck D\u00fcnyas\u0131 koleksiyoncusuna do\u011fum g\u00fcn\u00fc veya y\u0131lba\u015f\u0131 hediyesi olarak verin;<\/p>\n<p>Kendinizi kapt\u0131r\u0131n \u2013 Modelleri 3 boyutlu yak\u0131nla\u015ft\u0131r\u0131p d\u00f6nd\u00fcrmenizi, ilerlemenizi takip etmenizi ve t\u00fcm setlerinizi ayn\u0131 yere kaydetmenizi sa\u011flayan LEGO\u00ae Builder uygulamas\u0131yla modelinizi yaparken her ad\u0131mda keyfini \u00e7\u0131kar\u0131n;<\/p>\n<p>Yeti\u015fkinler i\u00e7in koleksiyonluk LEGO\u00ae setleri \u2013 Bu LEGO Harry Potter\u2122 model seti, sizin gibi uygulamal\u0131 yarat\u0131c\u0131 projelerden keyif alan yeti\u015fkinlere y\u00f6nelik birinci kalite bir yap\u0131m setleri koleksiyonunun bir par\u00e7as\u0131d\u0131r;<\/p>\n<p>\u0130n\u015fa edin, sergileyin ve oynay\u0131n \u2013 LEGO\u00ae Harry Potter\u2122 Konu\u015fan Se\u00e7men \u015eapka modelinin y\u00fcksekli\u011fi 24 cm, \u00e7ap\u0131 19 cm\u2019dir;<\/p>\n","protected":false},"excerpt":{"rendered":"<p>Sergileme modeline hayat veren bir sesli yap\u0131m par\u00e7as\u0131na sahip ilk LEGO\u00ae Harry Potter\u2122 seti olan Hogwarts\u2122 Konu\u015fan Se\u00e7men \u015eapka (76429) ile kendinizi b\u00fcy\u00fcleyici bir modeli yapmaya kapt\u0131r\u0131n. Se\u00e7men \u015eapka\u2019n\u0131n sesini \u00e7al\u0131\u015ft\u0131rmak i\u00e7in \u015fapkan\u0131n tepesini e\u011fin ya da ba\u015f\u0131n\u0131za tak\u0131n ve sizin i\u00e7in hangi Hogwarts binas\u0131n\u0131 se\u00e7ti\u011fini \u00f6\u011frenin. Arada s\u0131rada Se\u00e7men \u015eapka \u015eark\u0131s\u0131n\u0131 da dinleyin. \u015eapkay\u0131 Gryffindor\u2122, Slytherin\u2122, Hufflepuff\u2122 ve Ravenclaw\u2122 arma bask\u0131lar\u0131n\u0131n oldu\u011fu standa yerle\u015ftirin. Bu benzersiz LEGO setinde bulunan Se\u00e7men \u015eapka takm\u0131\u015f Harry Potter karakteri minifig\u00fcr\u00fc, bu \u00f6zel sergileme modelini tamamlar. Film temal\u0131 bu in\u015fa edilebilen set, kendiniz i\u00e7in b\u00fcy\u00fcl\u00fc bir \u00f6d\u00fcl, B\u00fcy\u00fcc\u00fcl\u00fck D\u00fcnyas\u0131\u2019n\u0131 seven anne babalar i\u00e7in bir hediye veya Harry Potter filmlerini seven ba\u015fka yeti\u015fkinler i\u00e7in en iyi hediye olabilir.; Yeti\u015fkinler i\u00e7in macera filmi temal\u0131 hediye \u2013 Ger\u00e7ekten konu\u015fan bu in\u015fa edilebilen LEGO\u00ae Harry Potter\u2122 Hogwarts\u2122 Konu\u015fan Se\u00e7men \u015eapka sergileme modeliyle sihirli B\u00fcy\u00fcc\u00fcl\u00fck D\u00fcnyas\u0131\u2019na ka\u00e7\u0131n; Rastgele sesli yap\u0131 par\u00e7as\u0131 (piller dahildir) \u2013 31 rastgele sesten birini etkinle\u015ftirmek i\u00e7in \u015fapkan\u0131n ucunu e\u011fin ya da ba\u015f\u0131n\u0131za tak\u0131n ve \u015fapkan\u0131n sizin i\u00e7in hangi Hogwarts\u2122 binas\u0131n\u0131 se\u00e7ti\u011fini \u00f6\u011frenin; Harry Potter\u2122 karakter minifig\u00fcrl\u00fc sergileme stand\u0131 \u2013 Sergileme stand\u0131nda Gryffindor\u2122, Slytherin\u2122, Hufflefpuff\u2122 ve Ravenclaw\u2122 armas\u0131 bask\u0131lar\u0131 ve Se\u00e7men \u015eapka takm\u0131\u015f Harry minifig\u00fcr\u00fc bulunur; Yeti\u015fkin hayranlar i\u00e7in Harry Potter\u2122 hediyesi \u2013 Kendinizi \u00f6d\u00fcllendirin veya bu 561 par\u00e7al\u0131 LEGO\u00ae setini Harry Potter filmlerini seven birine ya da B\u00fcy\u00fcc\u00fcl\u00fck D\u00fcnyas\u0131 koleksiyoncusuna do\u011fum g\u00fcn\u00fc veya y\u0131lba\u015f\u0131 hediyesi olarak verin; Kendinizi kapt\u0131r\u0131n \u2013 Modelleri 3 boyutlu yak\u0131nla\u015ft\u0131r\u0131p d\u00f6nd\u00fcrmenizi, ilerlemenizi takip etmenizi ve t\u00fcm setlerinizi ayn\u0131 yere kaydetmenizi sa\u011flayan LEGO\u00ae Builder uygulamas\u0131yla modelinizi yaparken her ad\u0131mda keyfini \u00e7\u0131kar\u0131n; Yeti\u015fkinler i\u00e7in koleksiyonluk LEGO\u00ae setleri \u2013 Bu LEGO Harry Potter\u2122 model seti, sizin gibi uygulamal\u0131 yarat\u0131c\u0131 projelerden keyif alan yeti\u015fkinlere y\u00f6nelik birinci kalite bir yap\u0131m setleri koleksiyonunun bir par\u00e7as\u0131d\u0131r; \u0130n\u015fa edin, sergileyin ve oynay\u0131n \u2013 LEGO\u00ae Harry Potter\u2122 Konu\u015fan Se\u00e7men \u015eapka modelinin y\u00fcksekli\u011fi 24 cm, \u00e7ap\u0131 19 cm\u2019dir;<\/p>\n","protected":false},"featured_media":30576,"comment_status":"open","ping_status":"closed","template":"","meta":[],"product_brand":[],"product_cat":[841,555],"product_tag":[1457,864,1456,1458],"class_list":{"0":"post-30575","1":"product","2":"type-product","3":"status-publish","4":"has-post-thumbnail","6":"product_cat-harry-potter","7":"product_cat-lego","8":"product_tag-harry-potter-konusan-secmen-sapka","9":"product_tag-lego","10":"product_tag-lego-76429","11":"product_tag-lego-harry-potter","13":"first","14":"outofstock","15":"shipping-taxable","16":"purchasable","17":"product-type-simple"},"_links":{"self":[{"href":"https:\/\/toysplusshop.com\/index.php?rest_route=\/wp\/v2\/product\/30575","targetHints":{"allow":["GET"]}}],"collection":[{"href":"https:\/\/toysplusshop.com\/index.php?rest_route=\/wp\/v2\/product"}],"about":[{"href":"https:\/\/toysplusshop.com\/index.php?rest_route=\/wp\/v2\/types\/product"}],"replies":[{"embeddable":true,"href":"https:\/\/toysplusshop.com\/index.php?rest_route=%2Fwp%2Fv2%2Fcomments&post=30575"}],"version-history":[{"count":1,"href":"https:\/\/toysplusshop.com\/index.php?rest_route=\/wp\/v2\/product\/30575\/revisions"}],"predecessor-version":[{"id":30586,"href":"https:\/\/toysplusshop.com\/index.php?rest_route=\/wp\/v2\/product\/30575\/revisions\/30586"}],"wp:featuredmedia":[{"embeddable":true,"href":"https:\/\/toysplusshop.com\/index.php?rest_route=\/wp\/v2\/media\/30576"}],"wp:attachment":[{"href":"https:\/\/toysplusshop.com\/index.php?rest_route=%2Fwp%2Fv2%2Fmedia&parent=30575"}],"wp:term":[{"taxonomy":"product_brand","embeddable":true,"href":"https:\/\/toysplusshop.com\/index.php?rest_route=%2Fwp%2Fv2%2Fproduct_brand&post=30575"},{"taxonomy":"product_cat","embeddable":true,"href":"https:\/\/toysplusshop.com\/index.php?rest_route=%2Fwp%2Fv2%2Fproduct_cat&post=30575"},{"taxonomy":"product_tag","embeddable":true,"href":"https:\/\/toysplusshop.com\/index.php?rest_route=%2Fwp%2Fv2%2Fproduct_tag&post=30575"}],"curies":[{"name":"wp","href":"https:\/\/api.w.org\/{rel}","templated":true}]}}