{"id":34066,"date":"2024-06-22T09:56:35","date_gmt":"2024-06-22T09:56:35","guid":{"rendered":"https:\/\/toysplusshop.com\/?post_type=product&#038;p=34066"},"modified":"2024-06-22T09:56:36","modified_gmt":"2024-06-22T09:56:36","slug":"yuka-ses-farkindalik-kartlari","status":"publish","type":"product","link":"https:\/\/toysplusshop.com\/?product=yuka-ses-farkindalik-kartlari","title":{"rendered":"YUKA SES FARKINDALIK KARTLARI"},"content":{"rendered":"<p>Kimin i\u00e7in Kullan\u0131lmal\u0131: Ses fark\u0131ndal\u0131k kartlar\u0131 ya\u015f\u0131na g\u00f6r konu\u015fmas\u0131 gecikmi\u015f ve s\u0131n\u0131rl\u0131 konu\u015fmaya sahip \u00e7ocuklar ile fonolojik bozuklu\u011fu olan \u00e7ocuklar<\/p>\n<p>Ama\u00e7: Seslerin belirginle\u015ftirilip \u00e7ocuk taraf\u0131ndan alg\u0131lanmas\u0131n\u0131 sa\u011flamak ve bu do\u011frultudaki i\u015fitsel alg\u0131y\u0131 destelemektir. Sesleri i\u015fitsel olarak ay\u0131rt etmeyi \u00f6\u011frenen \u00e7ocuk, bu sesleri kullan\u0131rken do\u011fru olarak s\u00f6yleyecektir. Seslerin do\u011fru \u00fcretilmesi \u00e7ok \u00f6nemli ve gereklidir. \u00d6zellikle sesleri ar\u0131t etmekte g\u00fc\u00e7l\u00fck \u00e7eken ve kar\u0131\u015ft\u0131ran \u00e7ocuklar okuma Yazma s\u00fcrecinde zorluk \u00e7ekerler. Ayn\u0131 zamanda sosyal geli\u015fimleri de olumsuz etkilenir.<\/p>\n<p>Nas\u0131l Kullan\u0131l\u0131r:<\/p>\n<p>1. Kart\u0131 g\u00f6stermeden \u00f6nce birka\u00e7 defa h\u0131zl\u0131ca karttaki s\u00f6zc\u00fckleri art arda tekrar edin: Bal\u2013dal, bal-dal, bal-dal. Sonra elinizi manaya veya dizinize vurarak ritmik bir \u015fekilde s\u00f6yleyin.<\/p>\n<p>2. Karttaki g\u00f6rselleri g\u00f6stererek 4-5 defa normal bir tonda ve h\u0131zda tekrar edin. Sonra elinizi manaya veya dizinize vurarak ritmik bir \u015fekilde s\u00f6yleyin.<\/p>\n<p>3. S\u00f6yledi\u011finiz s\u00f6zc\u00fc\u011fe ait g\u00f6rseli g\u00f6stermesini sa\u011flay\u0131n. Bunu 4-5 defa tekrar edin. S\u00f6yledi\u011fim s\u00f6zc\u00fc\u011f\u00fc g\u00f6ster: Bal, dal, bal, dal, dal, dal, bal, dal, bal, bal<\/p>\n<p>4. G\u00f6rseli g\u00f6sterin ve bu nedir, diye sorun: Bal-dal, dal-bal, bal-bal, dal-bal.<\/p>\n<p>5. Siz s\u00f6yleyin, o da sizi taklit ederek tekrarlas\u0131n.<\/p>\n","protected":false},"excerpt":{"rendered":"<p>Kimin i\u00e7in Kullan\u0131lmal\u0131: Ses fark\u0131ndal\u0131k kartlar\u0131 ya\u015f\u0131na g\u00f6r konu\u015fmas\u0131 gecikmi\u015f ve s\u0131n\u0131rl\u0131 konu\u015fmaya sahip \u00e7ocuklar ile fonolojik bozuklu\u011fu olan \u00e7ocuklar Ama\u00e7: Seslerin belirginle\u015ftirilip \u00e7ocuk taraf\u0131ndan alg\u0131lanmas\u0131n\u0131 sa\u011flamak ve bu do\u011frultudaki i\u015fitsel alg\u0131y\u0131 destelemektir. Sesleri i\u015fitsel olarak ay\u0131rt etmeyi \u00f6\u011frenen \u00e7ocuk, bu sesleri kullan\u0131rken do\u011fru olarak s\u00f6yleyecektir. Seslerin do\u011fru \u00fcretilmesi \u00e7ok \u00f6nemli ve gereklidir. \u00d6zellikle sesleri ar\u0131t etmekte g\u00fc\u00e7l\u00fck \u00e7eken ve kar\u0131\u015ft\u0131ran \u00e7ocuklar okuma Yazma s\u00fcrecinde zorluk \u00e7ekerler. Ayn\u0131 zamanda sosyal geli\u015fimleri de olumsuz etkilenir. Nas\u0131l Kullan\u0131l\u0131r: 1. Kart\u0131 g\u00f6stermeden \u00f6nce birka\u00e7 defa h\u0131zl\u0131ca karttaki s\u00f6zc\u00fckleri art arda tekrar edin: Bal\u2013dal, bal-dal, bal-dal. Sonra elinizi manaya veya dizinize vurarak ritmik bir \u015fekilde s\u00f6yleyin. 2. Karttaki g\u00f6rselleri g\u00f6stererek 4-5 defa normal bir tonda ve h\u0131zda tekrar edin. Sonra elinizi manaya veya dizinize vurarak ritmik bir \u015fekilde s\u00f6yleyin. 3. S\u00f6yledi\u011finiz s\u00f6zc\u00fc\u011fe ait g\u00f6rseli g\u00f6stermesini sa\u011flay\u0131n. Bunu 4-5 defa tekrar edin. S\u00f6yledi\u011fim s\u00f6zc\u00fc\u011f\u00fc g\u00f6ster: Bal, dal, bal, dal, dal, dal, bal, dal, bal, bal 4. G\u00f6rseli g\u00f6sterin ve bu nedir, diye sorun: Bal-dal, dal-bal, bal-bal, dal-bal. 5. Siz s\u00f6yleyin, o da sizi taklit ederek tekrarlas\u0131n.<\/p>\n","protected":false},"featured_media":34067,"comment_status":"open","ping_status":"closed","template":"","meta":[],"product_brand":[],"product_cat":[553],"product_tag":[2475],"class_list":{"0":"post-34066","1":"product","2":"type-product","3":"status-publish","4":"has-post-thumbnail","6":"product_cat-egitici-materyaller","7":"product_tag-yuka-ses-farkindalik-kartlari","9":"first","10":"instock","11":"shipping-taxable","12":"purchasable","13":"product-type-simple"},"_links":{"self":[{"href":"https:\/\/toysplusshop.com\/index.php?rest_route=\/wp\/v2\/product\/34066","targetHints":{"allow":["GET"]}}],"collection":[{"href":"https:\/\/toysplusshop.com\/index.php?rest_route=\/wp\/v2\/product"}],"about":[{"href":"https:\/\/toysplusshop.com\/index.php?rest_route=\/wp\/v2\/types\/product"}],"replies":[{"embeddable":true,"href":"https:\/\/toysplusshop.com\/index.php?rest_route=%2Fwp%2Fv2%2Fcomments&post=34066"}],"version-history":[{"count":1,"href":"https:\/\/toysplusshop.com\/index.php?rest_route=\/wp\/v2\/product\/34066\/revisions"}],"predecessor-version":[{"id":34068,"href":"https:\/\/toysplusshop.com\/index.php?rest_route=\/wp\/v2\/product\/34066\/revisions\/34068"}],"wp:featuredmedia":[{"embeddable":true,"href":"https:\/\/toysplusshop.com\/index.php?rest_route=\/wp\/v2\/media\/34067"}],"wp:attachment":[{"href":"https:\/\/toysplusshop.com\/index.php?rest_route=%2Fwp%2Fv2%2Fmedia&parent=34066"}],"wp:term":[{"taxonomy":"product_brand","embeddable":true,"href":"https:\/\/toysplusshop.com\/index.php?rest_route=%2Fwp%2Fv2%2Fproduct_brand&post=34066"},{"taxonomy":"product_cat","embeddable":true,"href":"https:\/\/toysplusshop.com\/index.php?rest_route=%2Fwp%2Fv2%2Fproduct_cat&post=34066"},{"taxonomy":"product_tag","embeddable":true,"href":"https:\/\/toysplusshop.com\/index.php?rest_route=%2Fwp%2Fv2%2Fproduct_tag&post=34066"}],"curies":[{"name":"wp","href":"https:\/\/api.w.org\/{rel}","templated":true}]}}