{"id":35128,"date":"2024-07-23T09:22:56","date_gmt":"2024-07-23T09:22:56","guid":{"rendered":"https:\/\/toysplusshop.com\/?post_type=product&#038;p=35128"},"modified":"2025-09-17T13:18:24","modified_gmt":"2025-09-17T13:18:24","slug":"cluedo-junior-dedektif-oyunu-f6419","status":"publish","type":"product","link":"https:\/\/toysplusshop.com\/?product=cluedo-junior-dedektif-oyunu-f6419","title":{"rendered":"CLUEDO JUNIOR (DEDEKT\u0130F OYUNU) HASBRO F6419"},"content":{"rendered":"<p style=\"font-weight: 400\">\u015eimdi okul \u00f6ncesi \u00e7ocuklar, 2 seviyeli benimle b\u00fcy\u00fcme e\u011flencesi i\u00e7eren bu Cluedo Junior oyunuyla gizem \u00e7\u00f6zme e\u011flencesine kat\u0131labilir!<\/p>\n<p style=\"font-weight: 400\">4 ya\u015f ve \u00fczeri \u00e7ocuklara y\u00f6nelik bu gizemli masa oyunu, 2 seviyeli oyun i\u00e7in \u00e7ift tarafl\u0131 bir oyun tahtas\u0131 i\u00e7erir. Seviye 1 taraf\u0131nda \u00e7ocuklar Oyun Park\u0131 Karma\u015fas\u0131n\u0131 \u00e7\u00f6zmek i\u00e7in birlikte \u00e7al\u0131\u015f\u0131r. Karakterlerden biri bir e\u015fyay\u0131 yanl\u0131\u015fl\u0131kla s\u0131rt \u00e7antas\u0131na atar.<\/p>\n<p style=\"font-weight: 400\">T\u00fcm oyuncular bir tak\u0131m halinde \u00e7al\u0131\u015farak resimli ara ve bul kartlar\u0131nda ipu\u00e7lar\u0131n\u0131 bulmak i\u00e7in park\u0131 ke\u015ffe \u00e7\u0131kar. Gizemi \u00e7\u00f6zmek i\u00e7in hangi e\u015fyan\u0131n kayboldu\u011funu ve bu e\u015fyay\u0131 kimin ald\u0131\u011f\u0131n\u0131 birlikte bulmak zorundalar. K\u00fc\u00e7\u00fck dedektifler biraz daha zorlanmaya haz\u0131r olduklar\u0131nda oyun alan\u0131n\u0131 Seviye 2 i\u00e7in \u00e7evirebilir ve Bilim Laboratuvar\u0131 Gizemini \u00e7\u00f6zmek i\u00e7in yar\u0131\u015fabilirler. Yanarda\u011f\u0131 kim patlatt\u0131, i\u00e7ine ne d\u00f6kt\u00fcler ve nerede olabilirler? 2-6 ki\u015fi ile oynanabilen bu Cluedo Junior oyunu ailece e\u011flenceli vakit ge\u00e7irmek i\u00e7in uygundur ve okul \u00f6ncesi \u00e7ocuklar, gen\u00e7 \u00e7ocuklar ve aileler i\u00e7in harika bir hediyedir!<\/p>\n<p style=\"font-weight: 400\">\u00c7ocu\u011funuzla geli\u015fen gizemli oyunun ta kendisi! Cluedo Junior oyunu, okulda oynanan 2 gizem oyunu ve 2 seviyeli oyun \u015fekli i\u00e7eren \u00e7ift tarafl\u0131 oyun tahtas\u0131 ile iki kat daha fazla e\u011flence sunar.<\/p>\n<p style=\"font-weight: 400\">\u00c7ocuklar\u0131 bu efsanevi gizem kutu oyunu ile tan\u0131\u015ft\u0131r\u0131n! Klasik Cluedo oynan\u0131\u015f\u0131na ek olarak \u00e7ocuklara uygun gizemler, okul ortam\u0131 ve klasik Cluedo karakterlerinin \u00e7ocuk hallerini i\u00e7erir.<\/p>\n<p style=\"font-weight: 400\">\u0130ki seviye aras\u0131ndan ailenize en uygun olan\u0131 se\u00e7in. 4 ya\u015f ve \u00fczeri i\u00e7in Seviye 1 oyununu oynay\u0131n veya 5 ya\u015f ve \u00fczeri i\u00e7in daha zorlu Seviye 2 oyununu oynamak \u00fczere oyun tahtas\u0131n\u0131 \u00e7evirin.<\/p>\n<p style=\"font-weight: 400\">Seviye 1 Oyun Park\u0131 Karma\u015fas\u0131 oyununda, karakterlerden biri yanl\u0131\u015fl\u0131kla bir e\u015fyay\u0131 s\u0131rt \u00e7antas\u0131na at\u0131yor. Oyuncular resimli ipu\u00e7lar\u0131n\u0131 bulmak, hangi e\u015fyan\u0131n kayboldu\u011funu ve bu e\u015fyay\u0131 kimin ald\u0131\u011f\u0131n\u0131 ortaya \u00e7\u0131karmak i\u00e7in tak\u0131m olu\u015fturuyorlar.<\/p>\n<p style=\"font-weight: 400\">Seviye 2: Bilim Laboratuvar\u0131 Gizem Oyunu i\u00e7in oyun tahtas\u0131n\u0131 \u00e7evirin. Laboratuvarda bir volkan patlam\u0131\u015f! \u00c7ocuklar kim, nerede ve ne sorular\u0131n\u0131 \u00e7\u00f6zmek i\u00e7in birbirleriyle yar\u0131\u015farak sonu\u00e7 \u00e7\u0131karma al\u0131\u015ft\u0131rmas\u0131 yapabilir.<\/p>\n<p style=\"font-weight: 400\">\u00c7ocuklara y\u00f6nelik bu ilgi \u00e7ekici i\u00e7 mek\u00e2n oyunu, 4 ya\u015f ve \u00fczeri \u00e7ocuklar i\u00e7in e\u011flenceli bir do\u011fum g\u00fcn\u00fc veya tatil hediyesidir ayr\u0131ca oyun bulu\u015fmalar\u0131 ve oyun geceleri i\u00e7in harika bir \u00e7ocuk masa oyunudur.<\/p>\n<p style=\"font-weight: 400\">\u00a0\u0130\u00e7indekiler: \u00e7ift tarafl\u0131 oyun alan\u0131, 9 oyun park\u0131 kart\u0131, 6 karakter piyonu, 6 mobilya piyonu, 7 sar\u0131 taban, 7 beyaz taban, 6 mavi taban, 3 zar, zar i\u00e7in \u00e7\u0131kartma k\u00e2\u011f\u0131d\u0131, 2 dedektif not defteri ve oyun k\u0131lavuzu.<\/p>\n","protected":false},"excerpt":{"rendered":"<p>\u015eimdi okul \u00f6ncesi \u00e7ocuklar, 2 seviyeli benimle b\u00fcy\u00fcme e\u011flencesi i\u00e7eren bu Cluedo Junior oyunuyla gizem \u00e7\u00f6zme e\u011flencesine kat\u0131labilir! 4 ya\u015f ve \u00fczeri \u00e7ocuklara y\u00f6nelik bu gizemli masa oyunu, 2 seviyeli oyun i\u00e7in \u00e7ift tarafl\u0131 bir oyun tahtas\u0131 i\u00e7erir. Seviye 1 taraf\u0131nda \u00e7ocuklar Oyun Park\u0131 Karma\u015fas\u0131n\u0131 \u00e7\u00f6zmek i\u00e7in birlikte \u00e7al\u0131\u015f\u0131r. Karakterlerden biri bir e\u015fyay\u0131 yanl\u0131\u015fl\u0131kla s\u0131rt \u00e7antas\u0131na atar. T\u00fcm oyuncular bir tak\u0131m halinde \u00e7al\u0131\u015farak resimli ara ve bul kartlar\u0131nda ipu\u00e7lar\u0131n\u0131 bulmak i\u00e7in park\u0131 ke\u015ffe \u00e7\u0131kar. Gizemi \u00e7\u00f6zmek i\u00e7in hangi e\u015fyan\u0131n kayboldu\u011funu ve bu e\u015fyay\u0131 kimin ald\u0131\u011f\u0131n\u0131 birlikte bulmak zorundalar. K\u00fc\u00e7\u00fck dedektifler biraz daha zorlanmaya haz\u0131r olduklar\u0131nda oyun alan\u0131n\u0131 Seviye 2 i\u00e7in \u00e7evirebilir ve Bilim Laboratuvar\u0131 Gizemini \u00e7\u00f6zmek i\u00e7in yar\u0131\u015fabilirler. Yanarda\u011f\u0131 kim patlatt\u0131, i\u00e7ine ne d\u00f6kt\u00fcler ve nerede olabilirler? 2-6 ki\u015fi ile oynanabilen bu Cluedo Junior oyunu ailece e\u011flenceli vakit ge\u00e7irmek i\u00e7in uygundur ve okul \u00f6ncesi \u00e7ocuklar, gen\u00e7 \u00e7ocuklar ve aileler i\u00e7in harika bir hediyedir! \u00c7ocu\u011funuzla geli\u015fen gizemli oyunun ta kendisi! Cluedo Junior oyunu, okulda oynanan 2 gizem oyunu ve 2 seviyeli oyun \u015fekli i\u00e7eren \u00e7ift tarafl\u0131 oyun tahtas\u0131 ile iki kat daha fazla e\u011flence sunar. \u00c7ocuklar\u0131 bu efsanevi gizem kutu oyunu ile tan\u0131\u015ft\u0131r\u0131n! Klasik Cluedo oynan\u0131\u015f\u0131na ek olarak \u00e7ocuklara uygun gizemler, okul ortam\u0131 ve klasik Cluedo karakterlerinin \u00e7ocuk hallerini i\u00e7erir. \u0130ki seviye aras\u0131ndan ailenize en uygun olan\u0131 se\u00e7in. 4 ya\u015f ve \u00fczeri i\u00e7in Seviye 1 oyununu oynay\u0131n veya 5 ya\u015f ve \u00fczeri i\u00e7in daha zorlu Seviye 2 oyununu oynamak \u00fczere oyun tahtas\u0131n\u0131 \u00e7evirin. Seviye 1 Oyun Park\u0131 Karma\u015fas\u0131 oyununda, karakterlerden biri yanl\u0131\u015fl\u0131kla bir e\u015fyay\u0131 s\u0131rt \u00e7antas\u0131na at\u0131yor. Oyuncular resimli ipu\u00e7lar\u0131n\u0131 bulmak, hangi e\u015fyan\u0131n kayboldu\u011funu ve bu e\u015fyay\u0131 kimin ald\u0131\u011f\u0131n\u0131 ortaya \u00e7\u0131karmak i\u00e7in tak\u0131m olu\u015fturuyorlar. Seviye 2: Bilim Laboratuvar\u0131 Gizem Oyunu i\u00e7in oyun tahtas\u0131n\u0131 \u00e7evirin. Laboratuvarda bir volkan patlam\u0131\u015f! \u00c7ocuklar kim, nerede ve ne sorular\u0131n\u0131 \u00e7\u00f6zmek i\u00e7in birbirleriyle yar\u0131\u015farak sonu\u00e7 \u00e7\u0131karma al\u0131\u015ft\u0131rmas\u0131 yapabilir. \u00c7ocuklara y\u00f6nelik bu ilgi \u00e7ekici i\u00e7 mek\u00e2n oyunu, 4 ya\u015f ve \u00fczeri \u00e7ocuklar i\u00e7in e\u011flenceli bir do\u011fum g\u00fcn\u00fc veya tatil hediyesidir ayr\u0131ca oyun bulu\u015fmalar\u0131 ve oyun geceleri i\u00e7in harika bir \u00e7ocuk masa oyunudur. \u00a0\u0130\u00e7indekiler: \u00e7ift tarafl\u0131 oyun alan\u0131, 9 oyun park\u0131 kart\u0131, 6 karakter piyonu, 6 mobilya piyonu, 7 sar\u0131 taban, 7 beyaz taban, 6 mavi taban, 3 zar, zar i\u00e7in \u00e7\u0131kartma k\u00e2\u011f\u0131d\u0131, 2 dedektif not defteri ve oyun k\u0131lavuzu.<\/p>\n","protected":false},"featured_media":35129,"comment_status":"open","ping_status":"closed","template":"","meta":[],"product_brand":[],"product_cat":[1055],"product_tag":[2717,2718,2720,2719],"class_list":{"0":"post-35128","1":"product","2":"type-product","3":"status-publish","4":"has-post-thumbnail","6":"product_cat-kutu-oyunlari","7":"product_tag-cluedo-junior-dedektif-oyunu-f6419","8":"product_tag-cluedo-junior-f6419","9":"product_tag-hasbro-cluedo-junior","10":"product_tag-hasbro-f6419","12":"first","13":"instock","14":"shipping-taxable","15":"purchasable","16":"product-type-simple"},"_links":{"self":[{"href":"https:\/\/toysplusshop.com\/index.php?rest_route=\/wp\/v2\/product\/35128","targetHints":{"allow":["GET"]}}],"collection":[{"href":"https:\/\/toysplusshop.com\/index.php?rest_route=\/wp\/v2\/product"}],"about":[{"href":"https:\/\/toysplusshop.com\/index.php?rest_route=\/wp\/v2\/types\/product"}],"replies":[{"embeddable":true,"href":"https:\/\/toysplusshop.com\/index.php?rest_route=%2Fwp%2Fv2%2Fcomments&post=35128"}],"version-history":[{"count":3,"href":"https:\/\/toysplusshop.com\/index.php?rest_route=\/wp\/v2\/product\/35128\/revisions"}],"predecessor-version":[{"id":36795,"href":"https:\/\/toysplusshop.com\/index.php?rest_route=\/wp\/v2\/product\/35128\/revisions\/36795"}],"wp:featuredmedia":[{"embeddable":true,"href":"https:\/\/toysplusshop.com\/index.php?rest_route=\/wp\/v2\/media\/35129"}],"wp:attachment":[{"href":"https:\/\/toysplusshop.com\/index.php?rest_route=%2Fwp%2Fv2%2Fmedia&parent=35128"}],"wp:term":[{"taxonomy":"product_brand","embeddable":true,"href":"https:\/\/toysplusshop.com\/index.php?rest_route=%2Fwp%2Fv2%2Fproduct_brand&post=35128"},{"taxonomy":"product_cat","embeddable":true,"href":"https:\/\/toysplusshop.com\/index.php?rest_route=%2Fwp%2Fv2%2Fproduct_cat&post=35128"},{"taxonomy":"product_tag","embeddable":true,"href":"https:\/\/toysplusshop.com\/index.php?rest_route=%2Fwp%2Fv2%2Fproduct_tag&post=35128"}],"curies":[{"name":"wp","href":"https:\/\/api.w.org\/{rel}","templated":true}]}}