{"id":36581,"date":"2024-11-13T08:33:49","date_gmt":"2024-11-13T08:33:49","guid":{"rendered":"https:\/\/toysplusshop.com\/?post_type=product&#038;p=36581"},"modified":"2026-02-21T08:44:55","modified_gmt":"2026-02-21T08:44:55","slug":"dede-spiderman-bowling-set","status":"publish","type":"product","link":"https:\/\/toysplusshop.com\/?product=dede-spiderman-bowling-set","title":{"rendered":"DEDE SPIDERMAN BOWLING SET"},"content":{"rendered":"<p>Labutlar\u0131 Spiderman ile devirmeye haz\u0131r m\u0131s\u0131n?<\/p>\n<p>\u00dcr\u00fcn; 3 ya\u015f alt\u0131 \u00e7ocuklar i\u00e7in uygun de\u011fildir. Sa\u011fl\u0131k testlerinden ge\u00e7mi\u015ftir.<\/p>\n","protected":false},"excerpt":{"rendered":"<p>Labutlar\u0131 Spiderman ile devirmeye haz\u0131r m\u0131s\u0131n? \u00dcr\u00fcn; 3 ya\u015f alt\u0131 \u00e7ocuklar i\u00e7in uygun de\u011fildir. Sa\u011fl\u0131k testlerinden ge\u00e7mi\u015ftir.<\/p>\n","protected":false},"featured_media":37208,"comment_status":"open","ping_status":"closed","template":"","meta":[],"product_brand":[],"product_cat":[551,550],"product_tag":[3012],"class_list":{"0":"post-36581","1":"product","2":"type-product","3":"status-publish","4":"has-post-thumbnail","6":"product_cat-erkek-oyuncaklari","7":"product_cat-kiz-oyuncaklari","8":"product_tag-dede-spiderman-bowling-set","10":"first","11":"outofstock","12":"shipping-taxable","13":"purchasable","14":"product-type-simple"},"_links":{"self":[{"href":"https:\/\/toysplusshop.com\/index.php?rest_route=\/wp\/v2\/product\/36581","targetHints":{"allow":["GET"]}}],"collection":[{"href":"https:\/\/toysplusshop.com\/index.php?rest_route=\/wp\/v2\/product"}],"about":[{"href":"https:\/\/toysplusshop.com\/index.php?rest_route=\/wp\/v2\/types\/product"}],"replies":[{"embeddable":true,"href":"https:\/\/toysplusshop.com\/index.php?rest_route=%2Fwp%2Fv2%2Fcomments&post=36581"}],"version-history":[{"count":2,"href":"https:\/\/toysplusshop.com\/index.php?rest_route=\/wp\/v2\/product\/36581\/revisions"}],"predecessor-version":[{"id":37207,"href":"https:\/\/toysplusshop.com\/index.php?rest_route=\/wp\/v2\/product\/36581\/revisions\/37207"}],"wp:featuredmedia":[{"embeddable":true,"href":"https:\/\/toysplusshop.com\/index.php?rest_route=\/wp\/v2\/media\/37208"}],"wp:attachment":[{"href":"https:\/\/toysplusshop.com\/index.php?rest_route=%2Fwp%2Fv2%2Fmedia&parent=36581"}],"wp:term":[{"taxonomy":"product_brand","embeddable":true,"href":"https:\/\/toysplusshop.com\/index.php?rest_route=%2Fwp%2Fv2%2Fproduct_brand&post=36581"},{"taxonomy":"product_cat","embeddable":true,"href":"https:\/\/toysplusshop.com\/index.php?rest_route=%2Fwp%2Fv2%2Fproduct_cat&post=36581"},{"taxonomy":"product_tag","embeddable":true,"href":"https:\/\/toysplusshop.com\/index.php?rest_route=%2Fwp%2Fv2%2Fproduct_tag&post=36581"}],"curies":[{"name":"wp","href":"https:\/\/api.w.org\/{rel}","templated":true}]}}