{"id":39412,"date":"2025-03-06T13:30:00","date_gmt":"2025-03-06T13:30:00","guid":{"rendered":"https:\/\/toysplusshop.com\/?post_type=product&#038;p=39412"},"modified":"2025-03-06T13:30:00","modified_gmt":"2025-03-06T13:30:00","slug":"avengers-mighty-verse-collectibles-hasbro-g0069","status":"publish","type":"product","link":"https:\/\/toysplusshop.com\/?product=avengers-mighty-verse-collectibles-hasbro-g0069","title":{"rendered":"AVENGERS MIGHTY VERSE COLLECTIBLES HASBRO G0069"},"content":{"rendered":"<p>En sevdi\u011finiz S\u00fcper Kahramanlar\u0131 ve k\u00f6t\u00fc adamlar\u0131 cep boyutunda hayal edin!<\/p>\n<p>Marvel Avengers Mighty-Verse Koleksiyonu Serisi 2&#8217;de se\u00e7ebilece\u011finiz 6 karakter var: Iron Man, Thanos, Hulk, Black Panther, Captain America ve Thor.<\/p>\n<p>Her aksiyon fig\u00fcr\u00fc 2,5 in\u00e7 (5,72 cm) uzunlu\u011fundad\u0131r ve oyun zaman\u0131 veya heyecan verici sergi i\u00e7in haz\u0131r dinamik aksiyon pozlar\u0131na sahiptir.<\/p>\n<p>Bu sevimli minikler, erkek ve k\u0131z \u00e7ocuklar\u0131 i\u00e7in m\u00fckemmel k\u00fc\u00e7\u00fck hediyeler veya \u00f6d\u00fcllerdir.<\/p>\n<p>Kendi Mighty-Verse Koleksiyonunuzu olu\u015fturmak i\u00e7in t\u00fcm karakterleri toplay\u0131n!<\/p>\n","protected":false},"excerpt":{"rendered":"<p>En sevdi\u011finiz S\u00fcper Kahramanlar\u0131 ve k\u00f6t\u00fc adamlar\u0131 cep boyutunda hayal edin! Marvel Avengers Mighty-Verse Koleksiyonu Serisi 2&#8217;de se\u00e7ebilece\u011finiz 6 karakter var: Iron Man, Thanos, Hulk, Black Panther, Captain America ve Thor. Her aksiyon fig\u00fcr\u00fc 2,5 in\u00e7 (5,72 cm) uzunlu\u011fundad\u0131r ve oyun zaman\u0131 veya heyecan verici sergi i\u00e7in haz\u0131r dinamik aksiyon pozlar\u0131na sahiptir. Bu sevimli minikler, erkek ve k\u0131z \u00e7ocuklar\u0131 i\u00e7in m\u00fckemmel k\u00fc\u00e7\u00fck hediyeler veya \u00f6d\u00fcllerdir. Kendi Mighty-Verse Koleksiyonunuzu olu\u015fturmak i\u00e7in t\u00fcm karakterleri toplay\u0131n!<\/p>\n","protected":false},"featured_media":39413,"comment_status":"open","ping_status":"closed","template":"","meta":[],"product_brand":[],"product_cat":[551,550],"product_tag":[3332,3333],"class_list":{"0":"post-39412","1":"product","2":"type-product","3":"status-publish","4":"has-post-thumbnail","6":"product_cat-erkek-oyuncaklari","7":"product_cat-kiz-oyuncaklari","8":"product_tag-avengers-mighty-verse-collectibles-hasbro-g0069","9":"product_tag-hasbro-g0069","11":"first","12":"instock","13":"shipping-taxable","14":"purchasable","15":"product-type-simple"},"_links":{"self":[{"href":"https:\/\/toysplusshop.com\/index.php?rest_route=\/wp\/v2\/product\/39412","targetHints":{"allow":["GET"]}}],"collection":[{"href":"https:\/\/toysplusshop.com\/index.php?rest_route=\/wp\/v2\/product"}],"about":[{"href":"https:\/\/toysplusshop.com\/index.php?rest_route=\/wp\/v2\/types\/product"}],"replies":[{"embeddable":true,"href":"https:\/\/toysplusshop.com\/index.php?rest_route=%2Fwp%2Fv2%2Fcomments&post=39412"}],"version-history":[{"count":1,"href":"https:\/\/toysplusshop.com\/index.php?rest_route=\/wp\/v2\/product\/39412\/revisions"}],"predecessor-version":[{"id":39421,"href":"https:\/\/toysplusshop.com\/index.php?rest_route=\/wp\/v2\/product\/39412\/revisions\/39421"}],"wp:featuredmedia":[{"embeddable":true,"href":"https:\/\/toysplusshop.com\/index.php?rest_route=\/wp\/v2\/media\/39413"}],"wp:attachment":[{"href":"https:\/\/toysplusshop.com\/index.php?rest_route=%2Fwp%2Fv2%2Fmedia&parent=39412"}],"wp:term":[{"taxonomy":"product_brand","embeddable":true,"href":"https:\/\/toysplusshop.com\/index.php?rest_route=%2Fwp%2Fv2%2Fproduct_brand&post=39412"},{"taxonomy":"product_cat","embeddable":true,"href":"https:\/\/toysplusshop.com\/index.php?rest_route=%2Fwp%2Fv2%2Fproduct_cat&post=39412"},{"taxonomy":"product_tag","embeddable":true,"href":"https:\/\/toysplusshop.com\/index.php?rest_route=%2Fwp%2Fv2%2Fproduct_tag&post=39412"}],"curies":[{"name":"wp","href":"https:\/\/api.w.org\/{rel}","templated":true}]}}