{"id":41494,"date":"2025-10-24T10:01:52","date_gmt":"2025-10-24T10:01:52","guid":{"rendered":"https:\/\/toysplusshop.com\/?post_type=product&#038;p=41494"},"modified":"2026-02-26T15:42:44","modified_gmt":"2026-02-26T15:42:44","slug":"lego-11204-gabbys-dollhouse-deniz-kizi-gabbynin-akvaryum-macerasi","status":"publish","type":"product","link":"https:\/\/toysplusshop.com\/?product=lego-11204-gabbys-dollhouse-deniz-kizi-gabbynin-akvaryum-macerasi","title":{"rendered":"LEGO 11204 GABBY&#8217;S DOLLHOUSE DEN\u0130Z KIZI GABBY&#8217;N\u0130N AKVARYUM MACERASI"},"content":{"rendered":"<p>Deniz K\u0131z\u0131 Gabby&#8217;nin Akvaryum Maceras\u0131 (11204), deniz canl\u0131lar\u0131n\u0131n, akvaryum hayvanlar\u0131n\u0131n ve DreamWorks Animation\u2019dan Gabby&#8217;nin Hayal Evi Filmini\u2019nin hayran\u0131 olan 4 ya\u015f ve \u00fczeri \u00e7ocuklar i\u00e7in hayal g\u00fcc\u00fcne dayal\u0131 bir oyuncakt\u0131r.Bu LEGO\u00ae Gabby&#8217;s Dollhouse oyun seti, canl\u0131 \u00f6zelliklerin yan\u0131 s\u0131ra deniz k\u0131z\u0131 k\u0131yafeti giymi\u015f bir Gabby mini bebek, S\u00fcsl\u00fc Kedi ve Denizanas\u0131 gibi tan\u0131d\u0131k karakterlerle doludur. \u00c7ocuklar, deniz kabuklar\u0131, bitkiler ve deniz canl\u0131lar\u0131yla dolu renkli bir su alt\u0131 ortam\u0131n\u0131 ke\u015ffederken Gabby ve arkada\u015flar\u0131na kat\u0131labilir. Kayd\u0131rak, S\u00fcsl\u00fc Kedi\u2019nin \u201cy\u00fczebilece\u011fi\u201d dev bir baloncuk ve kayd\u0131r\u0131nca gizli bir hazine sand\u0131\u011f\u0131n\u0131n ortaya \u00e7\u0131kt\u0131\u011f\u0131 mercan dahil ke\u015ffedilecek bir s\u00fcr\u00fc var. Bu set, renkli resimli talimatlar, b\u00fcy\u00fck bir Ba\u015flang\u0131\u00e7 Yap\u0131m Par\u00e7as\u0131 ve her pakette 1 adet in\u015fa edilebilen modelle yarat\u0131c\u0131 model yap\u0131m\u0131n\u0131 k\u00fc\u00e7\u00fck model severler i\u00e7in h\u0131zl\u0131 ve e\u011flenceli hale getirir.4 ya\u015f ve \u00fczeri i\u00e7in LEGO setleri, yeti\u015fkinlerin yap\u0131m e\u011flencesini \u00e7ocuklarla payla\u015fmas\u0131n\u0131n m\u00fckemmel bir yoludur. Set, 103 par\u00e7adan olu\u015fur.;<\/p>\n<p>4 ya\u015f ve \u00fczeri \u00e7ocuklar i\u00e7in deniz canl\u0131s\u0131 oyunca\u011f\u0131 \u2013 DreamWorks Animation\u2019dan Gabby&#8217;nin Hayal Evi\u2019ni seven erkek ve k\u0131z \u00e7ocuklar, Gabby&#8217;nin Akvaryum Maceras\u0131 ile denizin alt\u0131nda en sevdikleri kedicik arkada\u015flar\u0131yla e\u011flenebilir<\/p>\n<p>Yarat\u0131c\u0131 Gabby\u2019nin Hayal Evi Filmi oyunca\u011f\u0131 \u2013 Hayal g\u00fcc\u00fcne dayal\u0131 su alt\u0131 oyunca\u011f\u0131, deniz k\u0131z\u0131 k\u0131yafetli Gabby mini bebek, S\u00fcsl\u00fc Kedi ve Denizanas\u0131 fig\u00fcrlerinin yan\u0131 s\u0131ra h\u0131zl\u0131ca birle\u015ftirmek i\u00e7in bir Ba\u015flang\u0131\u00e7 Yap\u0131m Par\u00e7as\u0131 i\u00e7erir<\/p>\n<p>\u00c7ocuklar i\u00e7in yap\u0131m oyunca\u011f\u0131 \u2013 Deniz kabuklar\u0131, bitkiler, deniz canl\u0131lar\u0131, kayd\u0131rak, karakterlerin \u2018y\u00fczebilece\u011fi\u2019 dev bir baloncuk ve kayd\u0131r\u0131nca hazine sand\u0131\u011f\u0131n\u0131 ortaya \u00e7\u0131karan mercan gibi ke\u015ffedilecek \u00e7ok \u015fey var<\/p>\n<p>LEGO\u00ae Gabby\u2019s Dollhouse oyun seti \u2013 \u00c7ocuklar, Gabby ile hikayeleri ve kendi akvaryum maceralar\u0131n\u0131 canland\u0131rabilir<\/p>\n<p>E\u011flenceyi geni\u015fletin \u2013 \u00c7ocuklar, bu oyunca\u011f\u0131 11205 setiyle (ayr\u0131 sat\u0131l\u0131r) tamamlayarak filmde betimlenen \u00fc\u00e7 geni\u015f d\u00fcnyay\u0131 olu\u015fturabilir<\/p>\n<p>Okul \u00f6ncesi yap\u0131m oyunca\u011f\u0131 \u2013 4 ya\u015f ve \u00fczeri \u00e7ocuklar i\u00e7in ilgi \u00e7ekici, geli\u015fimsel LEGO\u00ae setlerinden olu\u015fan bu geni\u015f seri, onlar\u0131 favori filmler, televizyon karakterleri ve s\u0131radan kahramanlarla dolu bir evrenle tan\u0131\u015ft\u0131r\u0131r<\/p>\n<p>Set, 103 par\u00e7a i\u00e7erir \u2013 Bu \u00e7ok y\u00f6nl\u00fc LEGO\u00ae oyun setinin y\u00fcksekli\u011fi 15 cm, geni\u015fli\u011fi 23 cm, derinli\u011fi 7 cm\u2019dir<\/p>\n","protected":false},"excerpt":{"rendered":"<p>Deniz K\u0131z\u0131 Gabby&#8217;nin Akvaryum Maceras\u0131 (11204), deniz canl\u0131lar\u0131n\u0131n, akvaryum hayvanlar\u0131n\u0131n ve DreamWorks Animation\u2019dan Gabby&#8217;nin Hayal Evi Filmini\u2019nin hayran\u0131 olan 4 ya\u015f ve \u00fczeri \u00e7ocuklar i\u00e7in hayal g\u00fcc\u00fcne dayal\u0131 bir oyuncakt\u0131r.Bu LEGO\u00ae Gabby&#8217;s Dollhouse oyun seti, canl\u0131 \u00f6zelliklerin yan\u0131 s\u0131ra deniz k\u0131z\u0131 k\u0131yafeti giymi\u015f bir Gabby mini bebek, S\u00fcsl\u00fc Kedi ve Denizanas\u0131 gibi tan\u0131d\u0131k karakterlerle doludur. \u00c7ocuklar, deniz kabuklar\u0131, bitkiler ve deniz canl\u0131lar\u0131yla dolu renkli bir su alt\u0131 ortam\u0131n\u0131 ke\u015ffederken Gabby ve arkada\u015flar\u0131na kat\u0131labilir. Kayd\u0131rak, S\u00fcsl\u00fc Kedi\u2019nin \u201cy\u00fczebilece\u011fi\u201d dev bir baloncuk ve kayd\u0131r\u0131nca gizli bir hazine sand\u0131\u011f\u0131n\u0131n ortaya \u00e7\u0131kt\u0131\u011f\u0131 mercan dahil ke\u015ffedilecek bir s\u00fcr\u00fc var. Bu set, renkli resimli talimatlar, b\u00fcy\u00fck bir Ba\u015flang\u0131\u00e7 Yap\u0131m Par\u00e7as\u0131 ve her pakette 1 adet in\u015fa edilebilen modelle yarat\u0131c\u0131 model yap\u0131m\u0131n\u0131 k\u00fc\u00e7\u00fck model severler i\u00e7in h\u0131zl\u0131 ve e\u011flenceli hale getirir.4 ya\u015f ve \u00fczeri i\u00e7in LEGO setleri, yeti\u015fkinlerin yap\u0131m e\u011flencesini \u00e7ocuklarla payla\u015fmas\u0131n\u0131n m\u00fckemmel bir yoludur. Set, 103 par\u00e7adan olu\u015fur.; 4 ya\u015f ve \u00fczeri \u00e7ocuklar i\u00e7in deniz canl\u0131s\u0131 oyunca\u011f\u0131 \u2013 DreamWorks Animation\u2019dan Gabby&#8217;nin Hayal Evi\u2019ni seven erkek ve k\u0131z \u00e7ocuklar, Gabby&#8217;nin Akvaryum Maceras\u0131 ile denizin alt\u0131nda en sevdikleri kedicik arkada\u015flar\u0131yla e\u011flenebilir Yarat\u0131c\u0131 Gabby\u2019nin Hayal Evi Filmi oyunca\u011f\u0131 \u2013 Hayal g\u00fcc\u00fcne dayal\u0131 su alt\u0131 oyunca\u011f\u0131, deniz k\u0131z\u0131 k\u0131yafetli Gabby mini bebek, S\u00fcsl\u00fc Kedi ve Denizanas\u0131 fig\u00fcrlerinin yan\u0131 s\u0131ra h\u0131zl\u0131ca birle\u015ftirmek i\u00e7in bir Ba\u015flang\u0131\u00e7 Yap\u0131m Par\u00e7as\u0131 i\u00e7erir \u00c7ocuklar i\u00e7in yap\u0131m oyunca\u011f\u0131 \u2013 Deniz kabuklar\u0131, bitkiler, deniz canl\u0131lar\u0131, kayd\u0131rak, karakterlerin \u2018y\u00fczebilece\u011fi\u2019 dev bir baloncuk ve kayd\u0131r\u0131nca hazine sand\u0131\u011f\u0131n\u0131 ortaya \u00e7\u0131karan mercan gibi ke\u015ffedilecek \u00e7ok \u015fey var LEGO\u00ae Gabby\u2019s Dollhouse oyun seti \u2013 \u00c7ocuklar, Gabby ile hikayeleri ve kendi akvaryum maceralar\u0131n\u0131 canland\u0131rabilir E\u011flenceyi geni\u015fletin \u2013 \u00c7ocuklar, bu oyunca\u011f\u0131 11205 setiyle (ayr\u0131 sat\u0131l\u0131r) tamamlayarak filmde betimlenen \u00fc\u00e7 geni\u015f d\u00fcnyay\u0131 olu\u015fturabilir Okul \u00f6ncesi yap\u0131m oyunca\u011f\u0131 \u2013 4 ya\u015f ve \u00fczeri \u00e7ocuklar i\u00e7in ilgi \u00e7ekici, geli\u015fimsel LEGO\u00ae setlerinden olu\u015fan bu geni\u015f seri, onlar\u0131 favori filmler, televizyon karakterleri ve s\u0131radan kahramanlarla dolu bir evrenle tan\u0131\u015ft\u0131r\u0131r Set, 103 par\u00e7a i\u00e7erir \u2013 Bu \u00e7ok y\u00f6nl\u00fc LEGO\u00ae oyun setinin y\u00fcksekli\u011fi 15 cm, geni\u015fli\u011fi 23 cm, derinli\u011fi 7 cm\u2019dir<\/p>\n","protected":false},"featured_media":41495,"comment_status":"open","ping_status":"closed","template":"","meta":[],"product_brand":[],"product_cat":[1042,555],"product_tag":[3573],"class_list":{"0":"post-41494","1":"product","2":"type-product","3":"status-publish","4":"has-post-thumbnail","6":"product_cat-gabby-dollhouse","7":"product_cat-lego","8":"product_tag-lego-11204-gabbys-dollhouse-deniz-kizi-gabbynin-akvaryum-macerasi","10":"first","11":"instock","12":"shipping-taxable","13":"purchasable","14":"product-type-simple"},"_links":{"self":[{"href":"https:\/\/toysplusshop.com\/index.php?rest_route=\/wp\/v2\/product\/41494","targetHints":{"allow":["GET"]}}],"collection":[{"href":"https:\/\/toysplusshop.com\/index.php?rest_route=\/wp\/v2\/product"}],"about":[{"href":"https:\/\/toysplusshop.com\/index.php?rest_route=\/wp\/v2\/types\/product"}],"replies":[{"embeddable":true,"href":"https:\/\/toysplusshop.com\/index.php?rest_route=%2Fwp%2Fv2%2Fcomments&post=41494"}],"version-history":[{"count":1,"href":"https:\/\/toysplusshop.com\/index.php?rest_route=\/wp\/v2\/product\/41494\/revisions"}],"predecessor-version":[{"id":41503,"href":"https:\/\/toysplusshop.com\/index.php?rest_route=\/wp\/v2\/product\/41494\/revisions\/41503"}],"wp:featuredmedia":[{"embeddable":true,"href":"https:\/\/toysplusshop.com\/index.php?rest_route=\/wp\/v2\/media\/41495"}],"wp:attachment":[{"href":"https:\/\/toysplusshop.com\/index.php?rest_route=%2Fwp%2Fv2%2Fmedia&parent=41494"}],"wp:term":[{"taxonomy":"product_brand","embeddable":true,"href":"https:\/\/toysplusshop.com\/index.php?rest_route=%2Fwp%2Fv2%2Fproduct_brand&post=41494"},{"taxonomy":"product_cat","embeddable":true,"href":"https:\/\/toysplusshop.com\/index.php?rest_route=%2Fwp%2Fv2%2Fproduct_cat&post=41494"},{"taxonomy":"product_tag","embeddable":true,"href":"https:\/\/toysplusshop.com\/index.php?rest_route=%2Fwp%2Fv2%2Fproduct_tag&post=41494"}],"curies":[{"name":"wp","href":"https:\/\/api.w.org\/{rel}","templated":true}]}}