{"id":43181,"date":"2026-02-27T08:41:41","date_gmt":"2026-02-27T08:41:41","guid":{"rendered":"https:\/\/toysplusshop.com\/?post_type=product&#038;p=43181"},"modified":"2026-02-27T08:41:41","modified_gmt":"2026-02-27T08:41:41","slug":"lego-21587-minecraft-zombi-zindani","status":"publish","type":"product","link":"https:\/\/toysplusshop.com\/?product=lego-21587-minecraft-zombi-zindani","title":{"rendered":"LEGO 21587 MINECRAFT ZOMB\u0130 Z\u0130NDANI"},"content":{"rendered":"<p>8 ya\u015f ve \u00fczeri erkek ve k\u0131z \u00e7ocuklara y\u00f6nelik LEGO\u00ae Minecraft Zombi Zindan\u0131 (21587) yap\u0131m setiyle bir s\u00fcr\u00fc Minecraft\u00ae zombisine kar\u015f\u0131 sava\u015f\u0131n. \u00c7ocuklar, Minecraft karakterleri, orijinal oyun dekoru, e\u011flenceli \u00f6zellikler ve aksesuarlarla dolu bir zombi zindan\u0131na girer. Minecraft \u00e7\u00f6l biyomunu temel alan zindan aksiyonunda, elmas kazmaya, g\u00fcrz ve netherit z\u0131rha sahip bir Wasteland Gezgini, bir bal\u00e7\u0131k ve ayr\u0131ca biri b\u00fcy\u00fcl\u00fc tozlu\u011fa, biri alt\u0131n k\u0131l\u0131ca ve biri elmas mi\u011ffere sahip 3 zombi yer al\u0131r. D\u00f6nen zombi \u00fcretme h\u00fccresi ve kaya d\u00fc\u015fmesini tetikleyen kayan par\u00e7a gibi \u00f6zellikler i\u00e7erir. Yarat\u0131c\u0131 oyunlara ilham verecek di\u011fer aksesuarlar aras\u0131nda bir e\u015fya yapma masas\u0131, me\u015fale, ekmek, kemik ve \u00e7\u00fcr\u00fcm\u00fc\u015f et i\u00e7eren bir sand\u0131k bulunur. Bu set; Minecraft oyuncular\u0131 ve LEGO severler i\u00e7in harika bir hediye fikridir. LEGO Builder uygulamas\u0131yla \u00e7ocuklar seti \u00f6z g\u00fcvenle in\u015fa edebilir, kolay anla\u015f\u0131l\u0131r dijital talimatlarla modeli 3 boyutlu yak\u0131nla\u015ft\u0131rabilir, d\u00f6nd\u00fcrebilir ve ilerlemeyi takip edebilir. Sette 284 par\u00e7a bulunur.;<\/p>\n<p>MINECRAFT\u00ae ZOMB\u0130 Z\u0130NDANI OYUNCA\u011eI \u2013 Cesaretiniz varsa, yarat\u0131c\u0131 bir yap\u0131m setiyle 8 ya\u015f ve \u00fczeri k\u0131z ve erkek \u00e7ocuklar\u0131n aksiyon ve oyun e\u011flencesiyle kar\u015f\u0131la\u015ft\u0131\u011f\u0131 LEGO\u00ae Minecraft Zombi Zindan\u0131&#8217;na (21587) giri\u015f yap\u0131n<\/p>\n<p>3 ZOMB\u0130 F\u0130G\u00dcR\u00dc \u2013 Bir Wasteland Gezgini minifig\u00fcr\u00fc, bir bal\u00e7\u0131k ve ayr\u0131ca biri b\u00fcy\u00fcl\u00fc tozlu\u011fa, biri alt\u0131n k\u0131l\u0131ca ve biri elmas mi\u011ffere sahip 3 zombi i\u00e7erir<\/p>\n<p>ROL YAPMA OYUNLARI OYUNCA\u011eINI \u2013 Minecraft \u00e7\u00f6l biyomunu temel alan bu set, d\u00f6nen zombi \u00fcretme h\u00fccresi ve kaya d\u00fc\u015f\u00fcrmeyi tetiklemek i\u00e7in kayan par\u00e7a gibi yarat\u0131c\u0131 oyunlara ilham verecek uygulamal\u0131 \u00f6zellikler sunar<\/p>\n<p>E\u011eLENCEL\u0130 V\u0130DEO OYUNU AKSESUARLARI \u2013 LEGO\u00ae Minecraft\u00ae aksesuarlar\u0131 aras\u0131nda netherit z\u0131rh\u0131, g\u00fcrz, elmas kazma, alt\u0131n k\u0131l\u0131\u00e7, elmas mi\u011ffer, e\u015fya yapma masas\u0131, me\u015fale, ekmek, kemik ve \u00e7\u00fcr\u00fcm\u00fc\u015f et i\u00e7eren bir sand\u0131k bulunur<\/p>\n<p>OYUNCU HED\u0130YE F\u0130KR\u0130 \u2013 Minecraft\u00ae severlere g\u00f6re bir hediye ar\u0131yorsan\u0131z bu LEGO\u00ae Minecraft seti, pop\u00fcler oyunun hayranlar\u0131 i\u00e7in harika bir do\u011fum g\u00fcn\u00fc, y\u0131lba\u015f\u0131 veya s\u0131radan g\u00fcn hediyesidir<\/p>\n<p>MINECRAFT\u00ae GER\u00c7E\u011eE D\u00d6N\u00dc\u015eT\u00dc \u2013 Minecraft\u2019a ilgi duyan \u00e7ocuklar, oyundan sahneler olu\u015fturabilir ve yeniden d\u00fczenleyerek, in\u015fa ederek ve hayal ederek yeni maceralara \u015fekil verebilir<\/p>\n<p>MINECRAFT\u00ae OYUNCULARI \u0130\u00c7\u0130N SETLER \u2013 LEGO\u00ae Minecraft yap\u0131m oyuncaklar\u0131, \u00e7ocuklara pop\u00fcler oyundan \u00e7ok \u00e7e\u015fitli tan\u0131d\u0131k sahneler, \u00f6zellikler ve moblar sunar<\/p>\n<p>BOYUTLAR \u2013 Bu 284 par\u00e7al\u0131 LEGO\u00ae Minecraft Zombi Zindan\u0131 yap\u0131m setinin y\u00fcksekli\u011fi 21 cm, geni\u015fli\u011fi 12 cm, derinli\u011fi 15 cm\u2019dir<\/p>\n","protected":false},"excerpt":{"rendered":"<p>8 ya\u015f ve \u00fczeri erkek ve k\u0131z \u00e7ocuklara y\u00f6nelik LEGO\u00ae Minecraft Zombi Zindan\u0131 (21587) yap\u0131m setiyle bir s\u00fcr\u00fc Minecraft\u00ae zombisine kar\u015f\u0131 sava\u015f\u0131n. \u00c7ocuklar, Minecraft karakterleri, orijinal oyun dekoru, e\u011flenceli \u00f6zellikler ve aksesuarlarla dolu bir zombi zindan\u0131na girer. Minecraft \u00e7\u00f6l biyomunu temel alan zindan aksiyonunda, elmas kazmaya, g\u00fcrz ve netherit z\u0131rha sahip bir Wasteland Gezgini, bir bal\u00e7\u0131k ve ayr\u0131ca biri b\u00fcy\u00fcl\u00fc tozlu\u011fa, biri alt\u0131n k\u0131l\u0131ca ve biri elmas mi\u011ffere sahip 3 zombi yer al\u0131r. D\u00f6nen zombi \u00fcretme h\u00fccresi ve kaya d\u00fc\u015fmesini tetikleyen kayan par\u00e7a gibi \u00f6zellikler i\u00e7erir. Yarat\u0131c\u0131 oyunlara ilham verecek di\u011fer aksesuarlar aras\u0131nda bir e\u015fya yapma masas\u0131, me\u015fale, ekmek, kemik ve \u00e7\u00fcr\u00fcm\u00fc\u015f et i\u00e7eren bir sand\u0131k bulunur. Bu set; Minecraft oyuncular\u0131 ve LEGO severler i\u00e7in harika bir hediye fikridir. LEGO Builder uygulamas\u0131yla \u00e7ocuklar seti \u00f6z g\u00fcvenle in\u015fa edebilir, kolay anla\u015f\u0131l\u0131r dijital talimatlarla modeli 3 boyutlu yak\u0131nla\u015ft\u0131rabilir, d\u00f6nd\u00fcrebilir ve ilerlemeyi takip edebilir. Sette 284 par\u00e7a bulunur.; MINECRAFT\u00ae ZOMB\u0130 Z\u0130NDANI OYUNCA\u011eI \u2013 Cesaretiniz varsa, yarat\u0131c\u0131 bir yap\u0131m setiyle 8 ya\u015f ve \u00fczeri k\u0131z ve erkek \u00e7ocuklar\u0131n aksiyon ve oyun e\u011flencesiyle kar\u015f\u0131la\u015ft\u0131\u011f\u0131 LEGO\u00ae Minecraft Zombi Zindan\u0131&#8217;na (21587) giri\u015f yap\u0131n 3 ZOMB\u0130 F\u0130G\u00dcR\u00dc \u2013 Bir Wasteland Gezgini minifig\u00fcr\u00fc, bir bal\u00e7\u0131k ve ayr\u0131ca biri b\u00fcy\u00fcl\u00fc tozlu\u011fa, biri alt\u0131n k\u0131l\u0131ca ve biri elmas mi\u011ffere sahip 3 zombi i\u00e7erir ROL YAPMA OYUNLARI OYUNCA\u011eINI \u2013 Minecraft \u00e7\u00f6l biyomunu temel alan bu set, d\u00f6nen zombi \u00fcretme h\u00fccresi ve kaya d\u00fc\u015f\u00fcrmeyi tetiklemek i\u00e7in kayan par\u00e7a gibi yarat\u0131c\u0131 oyunlara ilham verecek uygulamal\u0131 \u00f6zellikler sunar E\u011eLENCEL\u0130 V\u0130DEO OYUNU AKSESUARLARI \u2013 LEGO\u00ae Minecraft\u00ae aksesuarlar\u0131 aras\u0131nda netherit z\u0131rh\u0131, g\u00fcrz, elmas kazma, alt\u0131n k\u0131l\u0131\u00e7, elmas mi\u011ffer, e\u015fya yapma masas\u0131, me\u015fale, ekmek, kemik ve \u00e7\u00fcr\u00fcm\u00fc\u015f et i\u00e7eren bir sand\u0131k bulunur OYUNCU HED\u0130YE F\u0130KR\u0130 \u2013 Minecraft\u00ae severlere g\u00f6re bir hediye ar\u0131yorsan\u0131z bu LEGO\u00ae Minecraft seti, pop\u00fcler oyunun hayranlar\u0131 i\u00e7in harika bir do\u011fum g\u00fcn\u00fc, y\u0131lba\u015f\u0131 veya s\u0131radan g\u00fcn hediyesidir MINECRAFT\u00ae GER\u00c7E\u011eE D\u00d6N\u00dc\u015eT\u00dc \u2013 Minecraft\u2019a ilgi duyan \u00e7ocuklar, oyundan sahneler olu\u015fturabilir ve yeniden d\u00fczenleyerek, in\u015fa ederek ve hayal ederek yeni maceralara \u015fekil verebilir MINECRAFT\u00ae OYUNCULARI \u0130\u00c7\u0130N SETLER \u2013 LEGO\u00ae Minecraft yap\u0131m oyuncaklar\u0131, \u00e7ocuklara pop\u00fcler oyundan \u00e7ok \u00e7e\u015fitli tan\u0131d\u0131k sahneler, \u00f6zellikler ve moblar sunar BOYUTLAR \u2013 Bu 284 par\u00e7al\u0131 LEGO\u00ae Minecraft Zombi Zindan\u0131 yap\u0131m setinin y\u00fcksekli\u011fi 21 cm, geni\u015fli\u011fi 12 cm, derinli\u011fi 15 cm\u2019dir<\/p>\n","protected":false},"featured_media":43182,"comment_status":"open","ping_status":"closed","template":"","meta":[],"product_brand":[],"product_cat":[555,849],"product_tag":[3703],"class_list":{"0":"post-43181","1":"product","2":"type-product","3":"status-publish","4":"has-post-thumbnail","6":"product_cat-lego","7":"product_cat-minecraft","8":"product_tag-lego-21587-minecraft-zombi-zindani","10":"first","11":"instock","12":"shipping-taxable","13":"purchasable","14":"product-type-simple"},"_links":{"self":[{"href":"https:\/\/toysplusshop.com\/index.php?rest_route=\/wp\/v2\/product\/43181","targetHints":{"allow":["GET"]}}],"collection":[{"href":"https:\/\/toysplusshop.com\/index.php?rest_route=\/wp\/v2\/product"}],"about":[{"href":"https:\/\/toysplusshop.com\/index.php?rest_route=\/wp\/v2\/types\/product"}],"replies":[{"embeddable":true,"href":"https:\/\/toysplusshop.com\/index.php?rest_route=%2Fwp%2Fv2%2Fcomments&post=43181"}],"version-history":[{"count":1,"href":"https:\/\/toysplusshop.com\/index.php?rest_route=\/wp\/v2\/product\/43181\/revisions"}],"predecessor-version":[{"id":43193,"href":"https:\/\/toysplusshop.com\/index.php?rest_route=\/wp\/v2\/product\/43181\/revisions\/43193"}],"wp:featuredmedia":[{"embeddable":true,"href":"https:\/\/toysplusshop.com\/index.php?rest_route=\/wp\/v2\/media\/43182"}],"wp:attachment":[{"href":"https:\/\/toysplusshop.com\/index.php?rest_route=%2Fwp%2Fv2%2Fmedia&parent=43181"}],"wp:term":[{"taxonomy":"product_brand","embeddable":true,"href":"https:\/\/toysplusshop.com\/index.php?rest_route=%2Fwp%2Fv2%2Fproduct_brand&post=43181"},{"taxonomy":"product_cat","embeddable":true,"href":"https:\/\/toysplusshop.com\/index.php?rest_route=%2Fwp%2Fv2%2Fproduct_cat&post=43181"},{"taxonomy":"product_tag","embeddable":true,"href":"https:\/\/toysplusshop.com\/index.php?rest_route=%2Fwp%2Fv2%2Fproduct_tag&post=43181"}],"curies":[{"name":"wp","href":"https:\/\/api.w.org\/{rel}","templated":true}]}}