{"id":43494,"date":"2026-02-27T12:33:23","date_gmt":"2026-02-27T12:33:23","guid":{"rendered":"https:\/\/toysplusshop.com\/?post_type=product&#038;p=43494"},"modified":"2026-02-27T12:34:16","modified_gmt":"2026-02-27T12:34:16","slug":"lego-42223-technic-1966-ford-gt40-mkii-yaris-arabasi","status":"publish","type":"product","link":"https:\/\/toysplusshop.com\/?product=lego-42223-technic-1966-ford-gt40-mkii-yaris-arabasi","title":{"rendered":"LEGO 42223 TECHNIC 1966 FORD GT40 MKII YARI\u015e ARABASI"},"content":{"rendered":"<p>Yeti\u015fkinler i\u00e7in LEGO\u00ae Technic 1966 Ford GT40 MKII Yar\u0131\u015f Arabas\u0131 modeliyle (42223) zafere s\u00fcr\u00fcn ve bir motor sporlar\u0131 ikonunu kutlay\u0131n. 18 ya\u015f ve \u00fczeri otomobil tutkunlar\u0131, yar\u0131\u015f severler ve model merakl\u0131lar\u0131, ikonik bir vintage araban\u0131n bu ger\u00e7ek\u00e7i model versiyonuyla ikonik bir dayan\u0131kl\u0131l\u0131k yar\u0131\u015f\u0131n\u0131n ruhunu canland\u0131rabilir. Setin detayl\u0131 \u00f6zelliklerini ke\u015ffederken e\u011flenin. Araban\u0131n \u00fcst\u00fcndeki d\u00fc\u011fmeyi \u00e7evirerek y\u00f6nlendirin. A\u00e7\u0131lan kap\u0131lara g\u00f6z at\u0131n ve ger\u00e7ek hayattaki \u015fampiyon arabadan esinlenen siyah ve g\u00fcm\u00fc\u015f d\u0131\u015f g\u00f6r\u00fcn\u00fcm\u00fcn\u00fc hayranl\u0131kla inceleyin. Motor kapa\u011f\u0131n\u0131 a\u00e7arak V8 motora g\u00f6z at\u0131n, sonra i\u00e7indeki kolla kaputu a\u00e7\u0131n. Yar\u0131\u015f araban\u0131z\u0131 in\u015fa ettikten sonra istedi\u011finiz odada veya ofiste gururla sergileyebilirsiniz. Yeti\u015fkinler i\u00e7in koleksiyonluk LEGO Technic arabalar\u0131 serisiyle y\u00fcksek performansl\u0131 ara\u00e7 yap\u0131m setlerine olan tutkunuzu ya\u015fay\u0131n. LEGO Builder uygulamas\u0131nda 3 boyutlu talimatlarla modelleri yak\u0131nla\u015ft\u0131rarak ve d\u00f6nd\u00fcrerek geli\u015fmi\u015f yap\u0131m\u0131n keyfini \u00e7\u0131kar\u0131rken ilerlemenizi de kaydedip takip edin. Sette 793 par\u00e7a bulunur.;<\/p>\n<p>ARABA MODEL\u0130 YAPIM SET\u0130 \u2013 18 ya\u015f ve \u00fczeri yeti\u015fkin model severler ve spor araba hayranlar\u0131 i\u00e7in bu ikonik LEGO\u00ae Technic 1966 Ford GT40 MKII Yar\u0131\u015f Arabas\u0131 modelinin ince detaylar\u0131n\u0131 birle\u015ftirerek klasik bir otomobil yap\u0131n<\/p>\n<p>GER\u00c7EK\u00c7\u0130 1966 Ford GT40 MKII \u00d6ZELL\u0130KLER\u0130 \u2013 \u00dcstteki d\u00fc\u011fmeyle y\u00f6nlendirerek, kap\u0131lar\u0131 a\u00e7arak ve i\u00e7teki kola bas\u0131p kaputu a\u00e7arak ikonik yar\u0131\u015f arabas\u0131n\u0131n ger\u00e7ek\u00e7i fonksiyonlar\u0131n\u0131 ke\u015ffedin<\/p>\n<p>AYRINTILI V8 MOTOR VE ARABA TASARIMI \u2013 Arac\u0131n motor kapa\u011f\u0131n\u0131 a\u00e7arak V8 motoru ortaya \u00e7\u0131kar\u0131n, sonra ger\u00e7ek hayattaki 1966 Ford GT40 MKII arabadan esinlenen orijinal, \u015f\u0131k siyah ve g\u00fcm\u00fc\u015f renkli d\u0131\u015f g\u00f6r\u00fcn\u00fcm\u00fcn\u00fc hayranl\u0131kla inceleyin<\/p>\n<p>\u0130N\u015eA ED\u0130N VE GURURLA SERG\u0130LEY\u0130N \u2013 S\u00fcr\u00fckleyici bir yap\u0131m\u0131n keyfini \u00e7\u0131kard\u0131ktan sonra efsanevi \u015fampiyon yar\u0131\u015f arabas\u0131na sayg\u0131 duru\u015fu niteli\u011findeki klasik araba modelinizi istedi\u011finiz odada veya ofiste sergileyin<\/p>\n<p>YET\u0130\u015eK\u0130NLER \u0130\u00c7\u0130N HED\u0130YE F\u0130KR\u0130 \u2013 Bu LEGO\u00ae Technic seti, araba severler ve yar\u0131\u015f merakl\u0131lar\u0131 ya da detayl\u0131 araba modelleri yapmaktan keyif alan yeti\u015fkinler i\u00e7in harika bir hediyedir<\/p>\n<p>DAHA FAZLA SET KE\u015eFED\u0130N \u2013 S\u00fcr\u00fckleyici projelerden keyif alan yeti\u015fkinler i\u00e7in LEGO\u00ae Technic serisindeki ger\u00e7ek\u00e7i \u00f6zelliklere ve fonksiyonlara sahip daha fazla yap\u0131m setini (ayr\u0131 sat\u0131l\u0131r) ke\u015ffedin<\/p>\n<p>3 BOYUTLU YAPIM TAL\u0130MATLARI \u2013 Setleri kaydedebilece\u011finiz, ilerlemenizi takip edebilece\u011finiz, modelinizi 3 boyutlu yap\u0131m talimatlar\u0131yla yak\u0131nla\u015ft\u0131r\u0131p d\u00f6nd\u00fcrebilece\u011finiz LEGO\u00ae Builder uygulamas\u0131yla daha \u00f6nce g\u00f6r\u00fclmemi\u015f bir \u015fekilde model in\u015fa etmeye haz\u0131rlan\u0131n<\/p>\n<p>BOYUTLAR \u2013 793 par\u00e7al\u0131 setteki klasik araba modelinin y\u00fcksekli\u011fi 7 cm, uzunlu\u011fu 29 cm, geni\u015fli\u011fi 12 cm\u2019dir<\/p>\n","protected":false},"excerpt":{"rendered":"<p>Yeti\u015fkinler i\u00e7in LEGO\u00ae Technic 1966 Ford GT40 MKII Yar\u0131\u015f Arabas\u0131 modeliyle (42223) zafere s\u00fcr\u00fcn ve bir motor sporlar\u0131 ikonunu kutlay\u0131n. 18 ya\u015f ve \u00fczeri otomobil tutkunlar\u0131, yar\u0131\u015f severler ve model merakl\u0131lar\u0131, ikonik bir vintage araban\u0131n bu ger\u00e7ek\u00e7i model versiyonuyla ikonik bir dayan\u0131kl\u0131l\u0131k yar\u0131\u015f\u0131n\u0131n ruhunu canland\u0131rabilir. Setin detayl\u0131 \u00f6zelliklerini ke\u015ffederken e\u011flenin. Araban\u0131n \u00fcst\u00fcndeki d\u00fc\u011fmeyi \u00e7evirerek y\u00f6nlendirin. A\u00e7\u0131lan kap\u0131lara g\u00f6z at\u0131n ve ger\u00e7ek hayattaki \u015fampiyon arabadan esinlenen siyah ve g\u00fcm\u00fc\u015f d\u0131\u015f g\u00f6r\u00fcn\u00fcm\u00fcn\u00fc hayranl\u0131kla inceleyin. Motor kapa\u011f\u0131n\u0131 a\u00e7arak V8 motora g\u00f6z at\u0131n, sonra i\u00e7indeki kolla kaputu a\u00e7\u0131n. Yar\u0131\u015f araban\u0131z\u0131 in\u015fa ettikten sonra istedi\u011finiz odada veya ofiste gururla sergileyebilirsiniz. Yeti\u015fkinler i\u00e7in koleksiyonluk LEGO Technic arabalar\u0131 serisiyle y\u00fcksek performansl\u0131 ara\u00e7 yap\u0131m setlerine olan tutkunuzu ya\u015fay\u0131n. LEGO Builder uygulamas\u0131nda 3 boyutlu talimatlarla modelleri yak\u0131nla\u015ft\u0131rarak ve d\u00f6nd\u00fcrerek geli\u015fmi\u015f yap\u0131m\u0131n keyfini \u00e7\u0131kar\u0131rken ilerlemenizi de kaydedip takip edin. Sette 793 par\u00e7a bulunur.; ARABA MODEL\u0130 YAPIM SET\u0130 \u2013 18 ya\u015f ve \u00fczeri yeti\u015fkin model severler ve spor araba hayranlar\u0131 i\u00e7in bu ikonik LEGO\u00ae Technic 1966 Ford GT40 MKII Yar\u0131\u015f Arabas\u0131 modelinin ince detaylar\u0131n\u0131 birle\u015ftirerek klasik bir otomobil yap\u0131n GER\u00c7EK\u00c7\u0130 1966 Ford GT40 MKII \u00d6ZELL\u0130KLER\u0130 \u2013 \u00dcstteki d\u00fc\u011fmeyle y\u00f6nlendirerek, kap\u0131lar\u0131 a\u00e7arak ve i\u00e7teki kola bas\u0131p kaputu a\u00e7arak ikonik yar\u0131\u015f arabas\u0131n\u0131n ger\u00e7ek\u00e7i fonksiyonlar\u0131n\u0131 ke\u015ffedin AYRINTILI V8 MOTOR VE ARABA TASARIMI \u2013 Arac\u0131n motor kapa\u011f\u0131n\u0131 a\u00e7arak V8 motoru ortaya \u00e7\u0131kar\u0131n, sonra ger\u00e7ek hayattaki 1966 Ford GT40 MKII arabadan esinlenen orijinal, \u015f\u0131k siyah ve g\u00fcm\u00fc\u015f renkli d\u0131\u015f g\u00f6r\u00fcn\u00fcm\u00fcn\u00fc hayranl\u0131kla inceleyin \u0130N\u015eA ED\u0130N VE GURURLA SERG\u0130LEY\u0130N \u2013 S\u00fcr\u00fckleyici bir yap\u0131m\u0131n keyfini \u00e7\u0131kard\u0131ktan sonra efsanevi \u015fampiyon yar\u0131\u015f arabas\u0131na sayg\u0131 duru\u015fu niteli\u011findeki klasik araba modelinizi istedi\u011finiz odada veya ofiste sergileyin YET\u0130\u015eK\u0130NLER \u0130\u00c7\u0130N HED\u0130YE F\u0130KR\u0130 \u2013 Bu LEGO\u00ae Technic seti, araba severler ve yar\u0131\u015f merakl\u0131lar\u0131 ya da detayl\u0131 araba modelleri yapmaktan keyif alan yeti\u015fkinler i\u00e7in harika bir hediyedir DAHA FAZLA SET KE\u015eFED\u0130N \u2013 S\u00fcr\u00fckleyici projelerden keyif alan yeti\u015fkinler i\u00e7in LEGO\u00ae Technic serisindeki ger\u00e7ek\u00e7i \u00f6zelliklere ve fonksiyonlara sahip daha fazla yap\u0131m setini (ayr\u0131 sat\u0131l\u0131r) ke\u015ffedin 3 BOYUTLU YAPIM TAL\u0130MATLARI \u2013 Setleri kaydedebilece\u011finiz, ilerlemenizi takip edebilece\u011finiz, modelinizi 3 boyutlu yap\u0131m talimatlar\u0131yla yak\u0131nla\u015ft\u0131r\u0131p d\u00f6nd\u00fcrebilece\u011finiz LEGO\u00ae Builder uygulamas\u0131yla daha \u00f6nce g\u00f6r\u00fclmemi\u015f bir \u015fekilde model in\u015fa etmeye haz\u0131rlan\u0131n BOYUTLAR \u2013 793 par\u00e7al\u0131 setteki klasik araba modelinin y\u00fcksekli\u011fi 7 cm, uzunlu\u011fu 29 cm, geni\u015fli\u011fi 12 cm\u2019dir<\/p>\n","protected":false},"featured_media":43495,"comment_status":"open","ping_status":"closed","template":"","meta":[],"product_brand":[],"product_cat":[555,845],"product_tag":[3728],"class_list":{"0":"post-43494","1":"product","2":"type-product","3":"status-publish","4":"has-post-thumbnail","6":"product_cat-lego","7":"product_cat-technic","8":"product_tag-lego-42223-technic-1966-ford-gt40-mkii-yaris-arabasi","10":"first","11":"instock","12":"shipping-taxable","13":"purchasable","14":"product-type-simple"},"_links":{"self":[{"href":"https:\/\/toysplusshop.com\/index.php?rest_route=\/wp\/v2\/product\/43494","targetHints":{"allow":["GET"]}}],"collection":[{"href":"https:\/\/toysplusshop.com\/index.php?rest_route=\/wp\/v2\/product"}],"about":[{"href":"https:\/\/toysplusshop.com\/index.php?rest_route=\/wp\/v2\/types\/product"}],"replies":[{"embeddable":true,"href":"https:\/\/toysplusshop.com\/index.php?rest_route=%2Fwp%2Fv2%2Fcomments&post=43494"}],"version-history":[{"count":1,"href":"https:\/\/toysplusshop.com\/index.php?rest_route=\/wp\/v2\/product\/43494\/revisions"}],"predecessor-version":[{"id":43510,"href":"https:\/\/toysplusshop.com\/index.php?rest_route=\/wp\/v2\/product\/43494\/revisions\/43510"}],"wp:featuredmedia":[{"embeddable":true,"href":"https:\/\/toysplusshop.com\/index.php?rest_route=\/wp\/v2\/media\/43495"}],"wp:attachment":[{"href":"https:\/\/toysplusshop.com\/index.php?rest_route=%2Fwp%2Fv2%2Fmedia&parent=43494"}],"wp:term":[{"taxonomy":"product_brand","embeddable":true,"href":"https:\/\/toysplusshop.com\/index.php?rest_route=%2Fwp%2Fv2%2Fproduct_brand&post=43494"},{"taxonomy":"product_cat","embeddable":true,"href":"https:\/\/toysplusshop.com\/index.php?rest_route=%2Fwp%2Fv2%2Fproduct_cat&post=43494"},{"taxonomy":"product_tag","embeddable":true,"href":"https:\/\/toysplusshop.com\/index.php?rest_route=%2Fwp%2Fv2%2Fproduct_tag&post=43494"}],"curies":[{"name":"wp","href":"https:\/\/api.w.org\/{rel}","templated":true}]}}