{"id":44262,"date":"2026-03-02T11:11:14","date_gmt":"2026-03-02T11:11:14","guid":{"rendered":"https:\/\/toysplusshop.com\/?post_type=product&#038;p=44262"},"modified":"2026-03-02T11:11:50","modified_gmt":"2026-03-02T11:11:50","slug":"lego-76342-marvel-orumcek-adam-mysterioya-karsidaily-bugle","status":"publish","type":"product","link":"https:\/\/toysplusshop.com\/?product=lego-76342-marvel-orumcek-adam-mysterioya-karsidaily-bugle","title":{"rendered":"LEGO 76342 MARVEL \u00d6R\u00dcMCEK ADAM MYSTERIO&#8217;YA KAR\u015eI:DAILY BUGLE"},"content":{"rendered":"<p>10 ya\u015f ve \u00fczeri erkek ve k\u0131z \u00e7ocuklara y\u00f6nelik bir \u00d6r\u00fcmcek Adam yap\u0131m oyunca\u011f\u0131 olan \u00d6r\u00fcmcek Adam Mysterio&#8217;ya Kar\u015f\u0131: Daily Bugle (76342) setiyle birlikte S\u00fcper Kahraman aksiyonuyla dolu 4 kat\u0131 ke\u015ffedin. \u0130n\u015fa etmek, oynamak ve sergilemek i\u00e7in harika olan bu koleksiyonluk \u00d6r\u00fcmcek Adam yap\u0131m seti, \u00e7at\u0131ya kadar LEGO\u00ae \u01c0 Marvel minifig\u00fcrleriyle ve rol yapma oyunu maceralar\u0131yla doludur. Daily Bugle LEGO \u01c0 Marvel yap\u0131m oyunca\u011f\u0131 seti, \u00d6r\u00fcmcek Adam, Miles Morales, Ghost Spider, J. Jonah Jameson, Mysterio, Venomla\u015fm\u0131\u015f Kaptan Amerika ve Rhino minifig\u00fcrlerinin yan\u0131 s\u0131ra havada aksiyon i\u00e7in 3 saydam \u00e7ubuk ve 2 saydam yap\u0131m par\u00e7as\u0131 i\u00e7erir. Ayr\u0131ca i\u00e7erisinde a\u00e7\u0131lan kokpitli, eklemli bir Rhino robotu da bulunur. Detayl\u0131 i\u00e7 mekanda ofisler, resepsiyon, haber odas\u0131 teknolojisi, para kasas\u0131 ve \u00e7al\u0131\u015fan bir ilan panosu de\u011fi\u015ftirme kolu bulunur. D\u0131\u015far\u0131da bir yang\u0131n \u00e7\u0131k\u0131\u015f\u0131, hareketli gazete stand\u0131 ve trafik \u0131\u015f\u0131kl\u0131 bir sokak k\u00f6\u015fesi vard\u0131r. Arkada\u015flarla ve ailece Birlikte Yap\u0131n deneyimi i\u00e7in LEGO\u00ae Builder uygulamas\u0131n\u0131 indirin. Yap\u0131m setinde 781 par\u00e7a bulunur.;<\/p>\n<p>DAILY BUGLE YAPIM OYUNCA\u011eI \u2013 \u00c7at\u0131ya kadar LEGO\u00ae \u01c0 Marvel minifig\u00fcrleri ve S\u00fcper Kahraman aksiyonuyla dolu 4 katl\u0131 binay\u0131 i\u00e7eren \u00d6r\u00fcmcek Adam Mysterio&#8217;ya Kar\u015f\u0131: Daily Bugle (76342) setini ke\u015ffedin<\/p>\n<p>7 M\u0130N\u0130F\u0130G\u00dcR \u2013 \u00d6r\u00fcmcek Adam, Miles Morales, Ghost Spider, J. Jonah Jameson, Mysterio, Venomla\u015fm\u0131\u015f Kaptan Amerika ve Rhino\u2019nun yan\u0131 s\u0131ra bir robot ve havada aksiyon i\u00e7in 3 saydam poz verdirme \u00e7ubu\u011fu i\u00e7erir<\/p>\n<p>OYUN VE SERG\u0130LEME \u2013 Bu LEGO\u00ae \u01c0 Marvel yap\u0131m setinin detayl\u0131 d\u0131\u015f ve i\u00e7 k\u0131sm\u0131, reklam panosundaki grafi\u011fi de\u011fi\u015ftiren kayd\u0131rma kolu gibi e\u011flenceli \u00f6zellikler i\u00e7erir<\/p>\n<p>\u00d6R\u00dcMCEK ADAM AKSESUARLARI \u2013 3 beyaz \u00f6r\u00fcmcek a\u011f\u0131, Venomla\u015fm\u0131\u015f Kaptan Amerika\u2019n\u0131n kalkan\u0131, bir fotokopi makinesi, kaykay, para i\u00e7eren kasa, pizza tepsisi ve daha fazlas\u0131 ile S\u00fcper Kahraman aksiyonunu te\u015fvik edin<\/p>\n<p>MARVEL HAYRANLARI \u0130\u00c7\u0130N HED\u0130YE \u2013 10 ya\u015f ve \u00fczeri erkek ve k\u0131z \u00e7ocuklara y\u00f6nelik bu koleksiyonluk \u00d6r\u00fcmcek Adam yap\u0131m oyunca\u011f\u0131n\u0131, gen\u00e7 S\u00fcper Kahramanlara do\u011fum g\u00fcn\u00fc, y\u0131lba\u015f\u0131 ya da s\u0131radan g\u00fcn hediyesi olarak verebilirsiniz<\/p>\n<p>MOD\u00dcLER YAPIM SETLER\u0130 \u2013 Kendi sokak sahnenizi in\u015fa etmek i\u00e7in LEGO\u00ae Mod\u00fcler Binalar Koleksiyonu\u2019ndan 76324 (ayr\u0131 sat\u0131l\u0131r) gibi di\u011fer modellerle birle\u015ftirin<\/p>\n<p>B\u0130RL\u0130KTE YAPMA MODU \u2013 LEGO\u00ae Builder uygulamas\u0131, herkesin kendi cihazlar\u0131n\u0131 kullanarak setin bir k\u0131sm\u0131n\u0131 yaparken e\u011flendi\u011fi, arkada\u015flarla ve ailece, i\u015f birli\u011fine dayal\u0131, rehberli bir model yap\u0131m deneyimi sunar<\/p>\n<p>BOYUTLAR \u2013 Bu 781 par\u00e7al\u0131 yap\u0131m setindeki Daily Bugle binas\u0131n\u0131n y\u00fcksekli\u011fi 33 cm, geni\u015fli\u011fi 20 cm ve derinli\u011fi 6 cm&#8217;dir<\/p>\n","protected":false},"excerpt":{"rendered":"<p>10 ya\u015f ve \u00fczeri erkek ve k\u0131z \u00e7ocuklara y\u00f6nelik bir \u00d6r\u00fcmcek Adam yap\u0131m oyunca\u011f\u0131 olan \u00d6r\u00fcmcek Adam Mysterio&#8217;ya Kar\u015f\u0131: Daily Bugle (76342) setiyle birlikte S\u00fcper Kahraman aksiyonuyla dolu 4 kat\u0131 ke\u015ffedin. \u0130n\u015fa etmek, oynamak ve sergilemek i\u00e7in harika olan bu koleksiyonluk \u00d6r\u00fcmcek Adam yap\u0131m seti, \u00e7at\u0131ya kadar LEGO\u00ae \u01c0 Marvel minifig\u00fcrleriyle ve rol yapma oyunu maceralar\u0131yla doludur. Daily Bugle LEGO \u01c0 Marvel yap\u0131m oyunca\u011f\u0131 seti, \u00d6r\u00fcmcek Adam, Miles Morales, Ghost Spider, J. Jonah Jameson, Mysterio, Venomla\u015fm\u0131\u015f Kaptan Amerika ve Rhino minifig\u00fcrlerinin yan\u0131 s\u0131ra havada aksiyon i\u00e7in 3 saydam \u00e7ubuk ve 2 saydam yap\u0131m par\u00e7as\u0131 i\u00e7erir. Ayr\u0131ca i\u00e7erisinde a\u00e7\u0131lan kokpitli, eklemli bir Rhino robotu da bulunur. Detayl\u0131 i\u00e7 mekanda ofisler, resepsiyon, haber odas\u0131 teknolojisi, para kasas\u0131 ve \u00e7al\u0131\u015fan bir ilan panosu de\u011fi\u015ftirme kolu bulunur. D\u0131\u015far\u0131da bir yang\u0131n \u00e7\u0131k\u0131\u015f\u0131, hareketli gazete stand\u0131 ve trafik \u0131\u015f\u0131kl\u0131 bir sokak k\u00f6\u015fesi vard\u0131r. Arkada\u015flarla ve ailece Birlikte Yap\u0131n deneyimi i\u00e7in LEGO\u00ae Builder uygulamas\u0131n\u0131 indirin. Yap\u0131m setinde 781 par\u00e7a bulunur.; DAILY BUGLE YAPIM OYUNCA\u011eI \u2013 \u00c7at\u0131ya kadar LEGO\u00ae \u01c0 Marvel minifig\u00fcrleri ve S\u00fcper Kahraman aksiyonuyla dolu 4 katl\u0131 binay\u0131 i\u00e7eren \u00d6r\u00fcmcek Adam Mysterio&#8217;ya Kar\u015f\u0131: Daily Bugle (76342) setini ke\u015ffedin 7 M\u0130N\u0130F\u0130G\u00dcR \u2013 \u00d6r\u00fcmcek Adam, Miles Morales, Ghost Spider, J. Jonah Jameson, Mysterio, Venomla\u015fm\u0131\u015f Kaptan Amerika ve Rhino\u2019nun yan\u0131 s\u0131ra bir robot ve havada aksiyon i\u00e7in 3 saydam poz verdirme \u00e7ubu\u011fu i\u00e7erir OYUN VE SERG\u0130LEME \u2013 Bu LEGO\u00ae \u01c0 Marvel yap\u0131m setinin detayl\u0131 d\u0131\u015f ve i\u00e7 k\u0131sm\u0131, reklam panosundaki grafi\u011fi de\u011fi\u015ftiren kayd\u0131rma kolu gibi e\u011flenceli \u00f6zellikler i\u00e7erir \u00d6R\u00dcMCEK ADAM AKSESUARLARI \u2013 3 beyaz \u00f6r\u00fcmcek a\u011f\u0131, Venomla\u015fm\u0131\u015f Kaptan Amerika\u2019n\u0131n kalkan\u0131, bir fotokopi makinesi, kaykay, para i\u00e7eren kasa, pizza tepsisi ve daha fazlas\u0131 ile S\u00fcper Kahraman aksiyonunu te\u015fvik edin MARVEL HAYRANLARI \u0130\u00c7\u0130N HED\u0130YE \u2013 10 ya\u015f ve \u00fczeri erkek ve k\u0131z \u00e7ocuklara y\u00f6nelik bu koleksiyonluk \u00d6r\u00fcmcek Adam yap\u0131m oyunca\u011f\u0131n\u0131, gen\u00e7 S\u00fcper Kahramanlara do\u011fum g\u00fcn\u00fc, y\u0131lba\u015f\u0131 ya da s\u0131radan g\u00fcn hediyesi olarak verebilirsiniz MOD\u00dcLER YAPIM SETLER\u0130 \u2013 Kendi sokak sahnenizi in\u015fa etmek i\u00e7in LEGO\u00ae Mod\u00fcler Binalar Koleksiyonu\u2019ndan 76324 (ayr\u0131 sat\u0131l\u0131r) gibi di\u011fer modellerle birle\u015ftirin B\u0130RL\u0130KTE YAPMA MODU \u2013 LEGO\u00ae Builder uygulamas\u0131, herkesin kendi cihazlar\u0131n\u0131 kullanarak setin bir k\u0131sm\u0131n\u0131 yaparken e\u011flendi\u011fi, arkada\u015flarla ve ailece, i\u015f birli\u011fine dayal\u0131, rehberli bir model yap\u0131m deneyimi sunar BOYUTLAR \u2013 Bu 781 par\u00e7al\u0131 yap\u0131m setindeki Daily Bugle binas\u0131n\u0131n y\u00fcksekli\u011fi 33 cm, geni\u015fli\u011fi 20 cm ve derinli\u011fi 6 cm&#8217;dir<\/p>\n","protected":false},"featured_media":44263,"comment_status":"open","ping_status":"closed","template":"","meta":[],"product_brand":[],"product_cat":[555,855],"product_tag":[3785],"class_list":{"0":"post-44262","1":"product","2":"type-product","3":"status-publish","4":"has-post-thumbnail","6":"product_cat-lego","7":"product_cat-marvel","8":"product_tag-lego-76342-marvel-orumcek-adam-mysterioya-karsidaily-bugle","10":"first","11":"instock","12":"shipping-taxable","13":"purchasable","14":"product-type-simple"},"_links":{"self":[{"href":"https:\/\/toysplusshop.com\/index.php?rest_route=\/wp\/v2\/product\/44262","targetHints":{"allow":["GET"]}}],"collection":[{"href":"https:\/\/toysplusshop.com\/index.php?rest_route=\/wp\/v2\/product"}],"about":[{"href":"https:\/\/toysplusshop.com\/index.php?rest_route=\/wp\/v2\/types\/product"}],"replies":[{"embeddable":true,"href":"https:\/\/toysplusshop.com\/index.php?rest_route=%2Fwp%2Fv2%2Fcomments&post=44262"}],"version-history":[{"count":1,"href":"https:\/\/toysplusshop.com\/index.php?rest_route=\/wp\/v2\/product\/44262\/revisions"}],"predecessor-version":[{"id":44273,"href":"https:\/\/toysplusshop.com\/index.php?rest_route=\/wp\/v2\/product\/44262\/revisions\/44273"}],"wp:featuredmedia":[{"embeddable":true,"href":"https:\/\/toysplusshop.com\/index.php?rest_route=\/wp\/v2\/media\/44263"}],"wp:attachment":[{"href":"https:\/\/toysplusshop.com\/index.php?rest_route=%2Fwp%2Fv2%2Fmedia&parent=44262"}],"wp:term":[{"taxonomy":"product_brand","embeddable":true,"href":"https:\/\/toysplusshop.com\/index.php?rest_route=%2Fwp%2Fv2%2Fproduct_brand&post=44262"},{"taxonomy":"product_cat","embeddable":true,"href":"https:\/\/toysplusshop.com\/index.php?rest_route=%2Fwp%2Fv2%2Fproduct_cat&post=44262"},{"taxonomy":"product_tag","embeddable":true,"href":"https:\/\/toysplusshop.com\/index.php?rest_route=%2Fwp%2Fv2%2Fproduct_tag&post=44262"}],"curies":[{"name":"wp","href":"https:\/\/api.w.org\/{rel}","templated":true}]}}