{"id":44765,"date":"2026-03-25T08:58:18","date_gmt":"2026-03-25T08:58:18","guid":{"rendered":"https:\/\/toysplusshop.com\/?post_type=product&#038;p=44765"},"modified":"2026-04-17T14:30:07","modified_gmt":"2026-04-17T14:30:07","slug":"mattel-brick-shop-honda-s2000-yapim-seti-jfr88","status":"publish","type":"product","link":"https:\/\/toysplusshop.com\/?product=mattel-brick-shop-honda-s2000-yapim-seti-jfr88","title":{"rendered":"MATTEL BRICK SHOP HONDA S2000 YAPIM SET\u0130 JFR88"},"content":{"rendered":"<p>Koleksiyonlar\u0131n en \u00f6zel par\u00e7as\u0131 ile tan\u0131\u015f!<\/p>\n<p>Mattel Brick Shop&#8217;tan 1:32 \u00f6l\u00e7ekli birle\u015ftirilebilir \u201807 model Honda S2000 ile piste \u00e7\u0131k\u0131n ve yar\u0131\u015fa haz\u0131rlan\u0131n. Herkese kim oldu\u011funuzu g\u00f6sterin ve \u015fampiyonluk i\u00e7in teredd\u00fct etmeyin. Bu araban\u0131n sadece size ait oldu\u011funu kan\u0131tlay\u0131n. Bunun i\u00e7in arac\u0131n\u0131z\u0131 ki\u015fiselle\u015ftirmeyi deneyebilirsiniz. Sete dahil olan \u00e7\u0131kartma sayfas\u0131 ve 2 jant kapa\u011f\u0131 seti ile arac\u0131n\u0131za kendi dokunu\u015funuzu katmak son derece kolay olacakt\u0131r.<\/p>\n<p>Efsanevi Japon arabas\u0131n\u0131 in\u015fa edin: 1:32 \u00f6l\u00e7ekli birle\u015ftirilebilir 07 model Honda S2000, ger\u00e7ek\u00e7i ayr\u0131nt\u0131lar\u0131 ile dikkatleri \u00fczerine \u00e7eker. A\u00e7\u0131l\u0131r kap\u0131lara, \u00f6zg\u00fcn \u00f6n cama ve spoylere sahiptir. \u00dcstelik tasar\u0131m\u0131 ile t\u00fcm araba severlerin hayranl\u0131\u011f\u0131n\u0131 kazanan 257 par\u00e7adan olu\u015fan Hot Wheels Speed Serisi \u201807 Honda S2000 Araba Yap\u0131m Seti\u2019ne 1:64 \u00f6l\u00e7ekli uyumlu metal araba ve \u00f6zel plaka dahildir. Par\u00e7alar, Mattel Brick Shop ve di\u011fer markalar\u0131n t\u00fcm yap\u0131 setleriyle uyumludur. \u200bB\u00f6ylece Speed Serisi&#8217;ndeki t\u00fcm arabalar\u0131 koleksiyonunuza ekleyebilir ve en haval\u0131 Hot Wheels koleksiyonunuzu olu\u015fturabilirsiniz!<\/p>\n<p>\u00c7ocuklar\u0131n yeni hik\u00e2yeler olu\u015fturarak hayal g\u00fc\u00e7lerinin ve yarat\u0131c\u0131l\u0131klar\u0131n\u0131n geli\u015fmesini desteklerken onlar\u0131n oyun kurma ve taklit becerilerine katk\u0131 sa\u011flar. Arkada\u015flar\u0131yla oynayacaklar\u0131 oyunlar sosyalle\u015fmelerine yard\u0131mc\u0131 olur. Koleksiyon merak\u0131n\u0131 desteklemeye yard\u0131mc\u0131d\u0131r.<\/p>\n<p>Par\u00e7a say\u0131s\u0131: 257<\/p>\n","protected":false},"excerpt":{"rendered":"<p>Koleksiyonlar\u0131n en \u00f6zel par\u00e7as\u0131 ile tan\u0131\u015f! Mattel Brick Shop&#8217;tan 1:32 \u00f6l\u00e7ekli birle\u015ftirilebilir \u201807 model Honda S2000 ile piste \u00e7\u0131k\u0131n ve yar\u0131\u015fa haz\u0131rlan\u0131n. Herkese kim oldu\u011funuzu g\u00f6sterin ve \u015fampiyonluk i\u00e7in teredd\u00fct etmeyin. Bu araban\u0131n sadece size ait oldu\u011funu kan\u0131tlay\u0131n. Bunun i\u00e7in arac\u0131n\u0131z\u0131 ki\u015fiselle\u015ftirmeyi deneyebilirsiniz. Sete dahil olan \u00e7\u0131kartma sayfas\u0131 ve 2 jant kapa\u011f\u0131 seti ile arac\u0131n\u0131za kendi dokunu\u015funuzu katmak son derece kolay olacakt\u0131r. Efsanevi Japon arabas\u0131n\u0131 in\u015fa edin: 1:32 \u00f6l\u00e7ekli birle\u015ftirilebilir 07 model Honda S2000, ger\u00e7ek\u00e7i ayr\u0131nt\u0131lar\u0131 ile dikkatleri \u00fczerine \u00e7eker. A\u00e7\u0131l\u0131r kap\u0131lara, \u00f6zg\u00fcn \u00f6n cama ve spoylere sahiptir. \u00dcstelik tasar\u0131m\u0131 ile t\u00fcm araba severlerin hayranl\u0131\u011f\u0131n\u0131 kazanan 257 par\u00e7adan olu\u015fan Hot Wheels Speed Serisi \u201807 Honda S2000 Araba Yap\u0131m Seti\u2019ne 1:64 \u00f6l\u00e7ekli uyumlu metal araba ve \u00f6zel plaka dahildir. Par\u00e7alar, Mattel Brick Shop ve di\u011fer markalar\u0131n t\u00fcm yap\u0131 setleriyle uyumludur. \u200bB\u00f6ylece Speed Serisi&#8217;ndeki t\u00fcm arabalar\u0131 koleksiyonunuza ekleyebilir ve en haval\u0131 Hot Wheels koleksiyonunuzu olu\u015fturabilirsiniz! \u00c7ocuklar\u0131n yeni hik\u00e2yeler olu\u015fturarak hayal g\u00fc\u00e7lerinin ve yarat\u0131c\u0131l\u0131klar\u0131n\u0131n geli\u015fmesini desteklerken onlar\u0131n oyun kurma ve taklit becerilerine katk\u0131 sa\u011flar. Arkada\u015flar\u0131yla oynayacaklar\u0131 oyunlar sosyalle\u015fmelerine yard\u0131mc\u0131 olur. Koleksiyon merak\u0131n\u0131 desteklemeye yard\u0131mc\u0131d\u0131r. Par\u00e7a say\u0131s\u0131: 257<\/p>\n","protected":false},"featured_media":44766,"comment_status":"open","ping_status":"closed","template":"","meta":[],"product_brand":[],"product_cat":[3587],"product_tag":[3832],"class_list":{"0":"post-44765","1":"product","2":"type-product","3":"status-publish","4":"has-post-thumbnail","6":"product_cat-mattel-brick-shop","7":"product_tag-mattel-brick-shop-honda-s2000-yapim-seti-jfr88","9":"first","10":"outofstock","11":"shipping-taxable","12":"purchasable","13":"product-type-simple"},"_links":{"self":[{"href":"https:\/\/toysplusshop.com\/index.php?rest_route=\/wp\/v2\/product\/44765","targetHints":{"allow":["GET"]}}],"collection":[{"href":"https:\/\/toysplusshop.com\/index.php?rest_route=\/wp\/v2\/product"}],"about":[{"href":"https:\/\/toysplusshop.com\/index.php?rest_route=\/wp\/v2\/types\/product"}],"replies":[{"embeddable":true,"href":"https:\/\/toysplusshop.com\/index.php?rest_route=%2Fwp%2Fv2%2Fcomments&post=44765"}],"version-history":[{"count":1,"href":"https:\/\/toysplusshop.com\/index.php?rest_route=\/wp\/v2\/product\/44765\/revisions"}],"predecessor-version":[{"id":44773,"href":"https:\/\/toysplusshop.com\/index.php?rest_route=\/wp\/v2\/product\/44765\/revisions\/44773"}],"wp:featuredmedia":[{"embeddable":true,"href":"https:\/\/toysplusshop.com\/index.php?rest_route=\/wp\/v2\/media\/44766"}],"wp:attachment":[{"href":"https:\/\/toysplusshop.com\/index.php?rest_route=%2Fwp%2Fv2%2Fmedia&parent=44765"}],"wp:term":[{"taxonomy":"product_brand","embeddable":true,"href":"https:\/\/toysplusshop.com\/index.php?rest_route=%2Fwp%2Fv2%2Fproduct_brand&post=44765"},{"taxonomy":"product_cat","embeddable":true,"href":"https:\/\/toysplusshop.com\/index.php?rest_route=%2Fwp%2Fv2%2Fproduct_cat&post=44765"},{"taxonomy":"product_tag","embeddable":true,"href":"https:\/\/toysplusshop.com\/index.php?rest_route=%2Fwp%2Fv2%2Fproduct_tag&post=44765"}],"curies":[{"name":"wp","href":"https:\/\/api.w.org\/{rel}","templated":true}]}}